Last updated on 2025-02-21 19:50:40 CET.
Flavor | Version | Tinstall | Tcheck | Ttotal | Status | Flags |
---|---|---|---|---|---|---|
r-devel-linux-x86_64-debian-clang | 0.61.1 | 3.65 | 26.78 | 30.43 | NOTE | |
r-devel-linux-x86_64-debian-gcc | 0.61.1 | 2.20 | 21.11 | 23.31 | NOTE | |
r-devel-linux-x86_64-fedora-clang | 0.61.1 | 52.72 | OK | |||
r-devel-linux-x86_64-fedora-gcc | 0.61.1 | 45.44 | OK | |||
r-devel-macos-arm64 | 0.61.1 | 20.00 | OK | |||
r-devel-macos-x86_64 | 0.61.1 | 32.00 | OK | |||
r-devel-windows-x86_64 | 0.61.1 | 5.00 | 58.00 | 63.00 | NOTE | |
r-patched-linux-x86_64 | 0.61.1 | 8.17 | 25.36 | 33.53 | OK | |
r-release-linux-x86_64 | 0.61.1 | 3.33 | 25.41 | 28.74 | OK | |
r-release-macos-arm64 | 0.61.1 | 19.00 | OK | |||
r-release-macos-x86_64 | 0.61.1 | 27.00 | OK | |||
r-release-windows-x86_64 | 0.61.1 | 5.00 | 51.00 | 56.00 | OK | |
r-oldrel-macos-arm64 | 0.61.1 | 20.00 | OK | |||
r-oldrel-macos-x86_64 | 0.61.1 | 28.00 | OK | |||
r-oldrel-windows-x86_64 | 0.61.1 | 7.00 | 59.00 | 66.00 | OK |
Version: 0.61.1
Check: Rd cross-references
Result: NOTE
Found the following Rd file(s) with Rd \link{} targets missing package
anchors:
Buttons.Rd: actionButton, checkboxInput
Collapses.Rd: tabsetPanel, shinyServer
Modals.Rd: tabPanel
Tooltips_and_Popovers.Rd: renderUI
bsButton.Rd: icon
bsExample.Rd: runApp
popify.Rd: renderUI
tipify.Rd: renderUI
updateButton.Rd: icon, submitButton
Please provide package anchors for all Rd \link{} targets not in the
package itself and the base packages.
Flavors: r-devel-linux-x86_64-debian-clang, r-devel-linux-x86_64-debian-gcc, r-devel-windows-x86_64