Last updated on 2025-02-22 07:51:46 CET.
Flavor | Version | Tinstall | Tcheck | Ttotal | Status | Flags |
---|---|---|---|---|---|---|
r-devel-linux-x86_64-debian-clang | 0.3.1 | 6.99 | 61.00 | 67.99 | NOTE | |
r-devel-linux-x86_64-debian-gcc | 0.3.1 | 4.34 | 44.06 | 48.40 | NOTE | |
r-devel-linux-x86_64-fedora-clang | 0.3.1 | 113.18 | NOTE | |||
r-devel-linux-x86_64-fedora-gcc | 0.3.1 | 131.50 | NOTE | |||
r-devel-macos-arm64 | 0.3.1 | 50.00 | OK | |||
r-devel-macos-x86_64 | 0.3.1 | 73.00 | NOTE | |||
r-devel-windows-x86_64 | 0.3.1 | 9.00 | 80.00 | 89.00 | NOTE | |
r-patched-linux-x86_64 | 0.3.1 | 6.79 | 56.32 | 63.11 | OK | |
r-release-linux-x86_64 | 0.3.1 | 5.54 | 56.79 | 62.33 | OK | |
r-release-macos-arm64 | 0.3.1 | 47.00 | OK | |||
r-release-macos-x86_64 | 0.3.1 | 74.00 | OK | |||
r-release-windows-x86_64 | 0.3.1 | 11.00 | 81.00 | 92.00 | OK | |
r-oldrel-macos-arm64 | 0.3.1 | 54.00 | OK | |||
r-oldrel-macos-x86_64 | 0.3.1 | 75.00 | OK | |||
r-oldrel-windows-x86_64 | 0.3.1 | 12.00 | 91.00 | 103.00 | OK |
Version: 0.3.1
Check: DESCRIPTION meta-information
Result: NOTE
Missing dependency on R >= 4.1.0 because package code uses the pipe
|> or function shorthand \(...) syntax added in R 4.1.0.
File(s) using such syntax:
‘filter_discrete.R’ ‘filter_query.R’ ‘renders.R’
Flavors: r-devel-linux-x86_64-debian-clang, r-devel-linux-x86_64-debian-gcc, r-devel-linux-x86_64-fedora-clang, r-devel-linux-x86_64-fedora-gcc, r-devel-macos-x86_64, r-devel-windows-x86_64