CRAN Package Check Results for Package shinyPredict

Last updated on 2025-02-22 07:51:46 CET.

Flavor Version Tinstall Tcheck Ttotal Status Flags
r-devel-linux-x86_64-debian-clang 0.1.1 1.74 16.56 18.30 OK
r-devel-linux-x86_64-debian-gcc 0.1.1 1.40 13.68 15.08 OK
r-devel-linux-x86_64-fedora-clang 0.1.1 31.00 OK
r-devel-linux-x86_64-fedora-gcc 0.1.1 27.40 OK
r-devel-macos-arm64 0.1.1 15.00 OK
r-devel-macos-x86_64 0.1.1 22.00 OK
r-devel-windows-x86_64 0.1.1 3.00 37.00 40.00 OK
r-patched-linux-x86_64 0.1.1 1.66 15.97 17.63 NOTE
r-release-linux-x86_64 0.1.1 1.65 15.91 17.56 NOTE
r-release-macos-arm64 0.1.1 15.00 NOTE
r-release-macos-x86_64 0.1.1 20.00 NOTE
r-release-windows-x86_64 0.1.1 3.00 38.00 41.00 NOTE
r-oldrel-macos-arm64 0.1.1 16.00 NOTE
r-oldrel-macos-x86_64 0.1.1 19.00 NOTE
r-oldrel-windows-x86_64 0.1.1 3.00 41.00 44.00 NOTE

Check Details

Version: 0.1.1
Check: LazyData
Result: NOTE 'LazyData' is specified without a 'data' directory Flavors: r-patched-linux-x86_64, r-release-linux-x86_64, r-release-macos-arm64, r-release-macos-x86_64, r-release-windows-x86_64, r-oldrel-macos-arm64, r-oldrel-macos-x86_64, r-oldrel-windows-x86_64