Last updated on 2025-10-22 07:50:31 CEST.
Flavor | Version | Tinstall | Tcheck | Ttotal | Status | Flags |
---|---|---|---|---|---|---|
r-devel-linux-x86_64-debian-clang | 0.3.0 | 3.44 | 32.17 | 35.61 | NOTE | |
r-devel-linux-x86_64-debian-gcc | 0.3.0 | 2.26 | 25.07 | 27.33 | NOTE | |
r-devel-linux-x86_64-fedora-clang | 0.3.0 | 51.35 | OK | |||
r-devel-linux-x86_64-fedora-gcc | 0.3.0 | 49.73 | OK | |||
r-devel-windows-x86_64 | 0.3.0 | 6.00 | 48.00 | 54.00 | OK | |
r-patched-linux-x86_64 | 0.3.0 | 3.48 | 29.50 | 32.98 | OK | |
r-release-linux-x86_64 | 0.3.0 | 2.90 | 29.25 | 32.15 | OK | |
r-release-macos-arm64 | 0.3.0 | 2.00 | 21.00 | 23.00 | OK | |
r-release-macos-x86_64 | 0.3.0 | 3.00 | 34.00 | 37.00 | OK | |
r-release-windows-x86_64 | 0.3.0 | 6.00 | 49.00 | 55.00 | OK | |
r-oldrel-macos-arm64 | 0.3.0 | 1.00 | 190.00 | 191.00 | OK | |
r-oldrel-macos-x86_64 | 0.3.0 | 2.00 | 197.00 | 199.00 | OK | |
r-oldrel-windows-x86_64 | 0.3.0 | 7.00 | 54.00 | 61.00 | OK |
Version: 0.3.0
Check: HTML version of manual
Result: NOTE
Found the following HTML validation problems:
quarto_ext.html:237:1 (quarto_ext.Rd:147): Warning: missing </ul> before </div>
Flavors: r-devel-linux-x86_64-debian-clang, r-devel-linux-x86_64-debian-gcc