CRAN Package Check Results for Package shopifyr

Last updated on 2025-02-22 19:51:01 CET.

Flavor Version Tinstall Tcheck Ttotal Status Flags
r-devel-linux-x86_64-debian-clang 1.0.0 6.49 31.79 38.28 NOTE
r-devel-linux-x86_64-debian-gcc 1.0.0 3.52 23.55 27.07 NOTE
r-devel-linux-x86_64-fedora-clang 1.0.0 59.79 OK
r-devel-linux-x86_64-fedora-gcc 1.0.0 56.52 OK
r-devel-macos-arm64 1.0.0 22.00 OK
r-devel-macos-x86_64 1.0.0 37.00 OK
r-devel-windows-x86_64 1.0.0 6.00 65.00 71.00 NOTE
r-patched-linux-x86_64 1.0.0 8.30 30.05 38.35 OK
r-release-linux-x86_64 1.0.0 5.85 30.30 36.15 OK
r-release-macos-arm64 1.0.0 21.00 OK
r-release-macos-x86_64 1.0.0 31.00 OK
r-release-windows-x86_64 1.0.0 7.00 71.00 78.00 OK
r-oldrel-macos-arm64 1.0.0 22.00 OK
r-oldrel-macos-x86_64 1.0.0 31.00 OK
r-oldrel-windows-x86_64 1.0.0 7.00 68.00 75.00 OK

Check Details

Version: 1.0.0
Check: Rd cross-references
Result: NOTE Found the following Rd file(s) with Rd \link{} targets missing package anchors: ShopifyShop.Rd: R6 Please provide package anchors for all Rd \link{} targets not in the package itself and the base packages. Flavors: r-devel-linux-x86_64-debian-clang, r-devel-linux-x86_64-debian-gcc, r-devel-windows-x86_64