Last updated on 2025-02-22 07:51:46 CET.
Flavor | Version | Tinstall | Tcheck | Ttotal | Status | Flags |
---|---|---|---|---|---|---|
r-devel-linux-x86_64-debian-clang | 1.0.3 | 8.52 | 67.52 | 76.04 | NOTE | |
r-devel-linux-x86_64-debian-gcc | 1.0.3 | 6.28 | 47.10 | 53.38 | NOTE | |
r-devel-linux-x86_64-fedora-clang | 1.0.3 | 120.82 | NOTE | |||
r-devel-linux-x86_64-fedora-gcc | 1.0.3 | 115.56 | NOTE | |||
r-devel-macos-arm64 | 1.0.3 | 36.00 | NOTE | |||
r-devel-macos-x86_64 | 1.0.3 | 62.00 | NOTE | |||
r-devel-windows-x86_64 | 1.0.3 | 10.00 | 92.00 | 102.00 | NOTE | |
r-patched-linux-x86_64 | 1.0.3 | 9.25 | 63.46 | 72.71 | NOTE | |
r-release-linux-x86_64 | 1.0.3 | 7.72 | 62.52 | 70.24 | NOTE | |
r-release-macos-arm64 | 1.0.3 | 34.00 | NOTE | |||
r-release-macos-x86_64 | 1.0.3 | 51.00 | NOTE | |||
r-release-windows-x86_64 | 1.0.3 | 10.00 | 91.00 | 101.00 | NOTE | |
r-oldrel-macos-arm64 | 1.0.3 | 38.00 | OK | |||
r-oldrel-macos-x86_64 | 1.0.3 | 57.00 | OK | |||
r-oldrel-windows-x86_64 | 1.0.3 | 14.00 | 108.00 | 122.00 | OK |
Version: 1.0.3
Check: Rd files
Result: NOTE
checkRd: (-1) create_modelDF.Rd:25-38: Lost braces
25 | convert_xlsx_to_csv<-function(xlsx_file){
| ^
checkRd: (-1) create_modelDF.Rd:33-36: Lost braces
33 | for (i in Sheetnames) {
| ^
Flavors: r-devel-linux-x86_64-debian-clang, r-devel-linux-x86_64-debian-gcc, r-devel-linux-x86_64-fedora-clang, r-devel-linux-x86_64-fedora-gcc, r-devel-macos-arm64, r-devel-macos-x86_64, r-devel-windows-x86_64, r-patched-linux-x86_64, r-release-linux-x86_64, r-release-macos-arm64, r-release-macos-x86_64, r-release-windows-x86_64