Last updated on 2025-10-22 21:50:18 CEST.
Flavor | Version | Tinstall | Tcheck | Ttotal | Status | Flags |
---|---|---|---|---|---|---|
r-devel-linux-x86_64-debian-clang | 1.0.0 | 71.76 | 93.50 | 165.26 | OK | |
r-devel-linux-x86_64-debian-gcc | 1.0.0 | 49.02 | 65.93 | 114.95 | OK | |
r-devel-linux-x86_64-fedora-clang | 1.0.0 | 137.00 | 138.42 | 275.42 | OK | |
r-devel-linux-x86_64-fedora-gcc | 1.0.0 | 156.00 | 110.12 | 266.12 | OK | |
r-devel-windows-x86_64 | 1.0.0 | 92.00 | 130.00 | 222.00 | OK | |
r-patched-linux-x86_64 | 1.0.0 | 73.45 | 85.23 | 158.68 | OK | |
r-release-linux-x86_64 | 1.0.0 | 77.22 | 85.81 | 163.03 | OK | |
r-release-macos-arm64 | 1.0.0 | 25.00 | 38.00 | 63.00 | OK | |
r-release-macos-x86_64 | 1.0.0 | 37.00 | 75.00 | 112.00 | OK | |
r-release-windows-x86_64 | 1.0.0 | 94.00 | 133.00 | 227.00 | OK | |
r-oldrel-macos-arm64 | 1.0.0 | 23.00 | 39.00 | 62.00 | NOTE | |
r-oldrel-macos-x86_64 | 1.0.0 | 36.00 | 67.00 | 103.00 | NOTE | |
r-oldrel-windows-x86_64 | 1.0.0 | 112.00 | 164.00 | 276.00 | NOTE |
Version: 1.0.0
Check: installed package size
Result: NOTE
installed size is 18.9Mb
sub-directories of 1Mb or more:
extdata 13.0Mb
libs 5.2Mb
Flavors: r-oldrel-macos-arm64, r-oldrel-macos-x86_64, r-oldrel-windows-x86_64