Last updated on 2025-02-22 07:51:46 CET.
Flavor | Version | Tinstall | Tcheck | Ttotal | Status | Flags |
---|---|---|---|---|---|---|
r-devel-linux-x86_64-debian-clang | 1.3.0 | 0.54 | 1.83 | 2.37 | ERROR | |
r-devel-linux-x86_64-debian-gcc | 1.3.0 | 6.43 | 36.41 | 42.84 | OK | |
r-devel-linux-x86_64-fedora-clang | 1.3.0 | 104.36 | OK | |||
r-devel-linux-x86_64-fedora-gcc | 1.3.0 | 113.40 | OK | |||
r-devel-macos-arm64 | 1.3.0 | 33.00 | OK | |||
r-devel-macos-x86_64 | 1.3.0 | 65.00 | OK | |||
r-devel-windows-x86_64 | 1.3.0 | 10.00 | 68.00 | 78.00 | OK | |
r-patched-linux-x86_64 | 1.3.0 | 10.42 | 51.07 | 61.49 | OK | |
r-release-linux-x86_64 | 1.3.0 | 10.02 | 50.41 | 60.43 | OK | |
r-release-macos-arm64 | 1.3.0 | 33.00 | OK | |||
r-release-macos-x86_64 | 1.3.0 | 54.00 | OK | |||
r-release-windows-x86_64 | 1.3.0 | 11.00 | 67.00 | 78.00 | OK | |
r-oldrel-macos-arm64 | 1.3.0 | 36.00 | OK | |||
r-oldrel-macos-x86_64 | 1.3.0 | 60.00 | OK | |||
r-oldrel-windows-x86_64 | 1.3.0 | 12.00 | 74.00 | 86.00 | OK |
Version: 1.3.0
Check: package dependencies
Result: ERROR
Packages required but not available: 'SNPRelate', 'gdsfmt'
See section ‘The DESCRIPTION file’ in the ‘Writing R Extensions’
manual.
Flavor: r-devel-linux-x86_64-debian-clang