Last updated on 2025-10-22 21:50:19 CEST.
Flavor | Version | Tinstall | Tcheck | Ttotal | Status | Flags |
---|---|---|---|---|---|---|
r-devel-linux-x86_64-debian-clang | 0.2.3 | 319.10 | 152.60 | 471.70 | NOTE | |
r-devel-linux-x86_64-debian-gcc | 0.2.3 | 201.03 | 104.29 | 305.32 | OK | |
r-devel-linux-x86_64-fedora-clang | 0.2.3 | 600.00 | -599.46 | 0.54 | ERROR | |
r-devel-linux-x86_64-fedora-gcc | 0.2.3 | 469.00 | 346.87 | 815.87 | OK | |
r-devel-windows-x86_64 | 0.2.3 | 363.00 | 191.00 | 554.00 | OK | |
r-patched-linux-x86_64 | 0.2.3 | 306.76 | 141.24 | 448.00 | OK | |
r-release-linux-x86_64 | 0.2.3 | 305.44 | 141.24 | 446.68 | OK | |
r-release-macos-arm64 | 0.2.3 | 104.00 | 62.00 | 166.00 | OK | |
r-release-macos-x86_64 | 0.2.3 | 97.00 | 130.00 | 227.00 | OK | |
r-release-windows-x86_64 | 0.2.3 | 328.00 | 203.00 | 531.00 | OK | |
r-oldrel-macos-arm64 | 0.2.3 | 98.00 | 65.00 | 163.00 | NOTE | |
r-oldrel-macos-x86_64 | 0.2.3 | 93.00 | 142.00 | 235.00 | NOTE | |
r-oldrel-windows-x86_64 | 0.2.3 | 423.00 | 234.00 | 657.00 | OK |
Version: 0.2.3
Check: HTML version of manual
Result: NOTE
Found the following HTML validation problems:
Ma_cpp.html:50:1 (Ma_cpp.Rd:12): Warning: missing </ul> before </div>
Ma_cpp_vec.html:46:1 (Ma_cpp_vec.Rd:10): Warning: missing </ul> before </div>
diff_inv.html:62:1 (diff_inv.Rd:22): Warning: missing </ul> before </div>
do_polyroot_arma.html:46:1 (do_polyroot_arma.Rd:10): Warning: missing </ul> before </div>
do_polyroot_cpp.html:46:1 (do_polyroot_cpp.Rd:10): Warning: missing </ul> before </div>
dot-acf.html:61:1 (dot-acf.Rd:18): Warning: missing </ul> before </div>
rtruncated_normal.html:62:1 (rtruncated_normal.Rd:18): Warning: missing </ul> before </div>
Flavor: r-devel-linux-x86_64-debian-clang
Version: 0.2.2
Check: whether package can be installed
Result: ERROR
Installation failed.
Flavor: r-devel-linux-x86_64-fedora-clang
Version: 0.2.3
Check: installed package size
Result: NOTE
installed size is 22.7Mb
sub-directories of 1Mb or more:
doc 1.5Mb
libs 20.3Mb
Flavors: r-oldrel-macos-arm64, r-oldrel-macos-x86_64