Last updated on 2025-11-11 18:50:08 CET.
| Flavor | Version | Tinstall | Tcheck | Ttotal | Status | Flags |
|---|---|---|---|---|---|---|
| r-devel-linux-x86_64-debian-clang | 5.0 | 25.30 | 130.80 | 156.10 | NOTE | |
| r-devel-linux-x86_64-debian-gcc | 5.0 | 17.11 | 99.74 | 116.85 | NOTE | |
| r-devel-linux-x86_64-fedora-clang | 5.0 | 54.00 | 190.43 | 244.43 | NOTE | |
| r-devel-linux-x86_64-fedora-gcc | 5.0 | 70.00 | 181.95 | 251.95 | NOTE | |
| r-devel-windows-x86_64 | 5.0 | 28.00 | 132.00 | 160.00 | NOTE | |
| r-patched-linux-x86_64 | 5.0 | 28.32 | 128.20 | 156.52 | NOTE | |
| r-release-linux-x86_64 | 5.0 | 26.00 | 126.25 | 152.25 | NOTE | |
| r-release-macos-arm64 | 5.0 | 23.00 | 117.00 | 140.00 | NOTE | |
| r-release-macos-x86_64 | 5.0 | 32.00 | 180.00 | 212.00 | NOTE | |
| r-release-windows-x86_64 | 5.0 | 26.00 | 130.00 | 156.00 | NOTE | |
| r-oldrel-macos-arm64 | 5.0 | 22.00 | 93.00 | 115.00 | NOTE | |
| r-oldrel-macos-x86_64 | 5.0 | 22.00 | 114.00 | 136.00 | NOTE | |
| r-oldrel-windows-x86_64 | 5.0 | 33.00 | 152.00 | 185.00 | NOTE |
Version: 5.0
Check: CRAN incoming feasibility
Result: NOTE
Maintainer: ‘Anderson Rodrigo da Silva <anderson.agro@hotmail.com>’
Package CITATION file contains call(s) to old-style personList() or
as.personList(). Please use c() on person objects instead.
Package CITATION file contains call(s) to old-style citEntry(). Please
use bibentry() instead.
Flavors: r-devel-linux-x86_64-debian-clang, r-devel-linux-x86_64-debian-gcc
Version: 5.0
Check: Rd files
Result: NOTE
checkRd: (-1) llwrPTF.Rd:7: Escaped LaTeX specials: \&
Flavors: r-devel-linux-x86_64-debian-clang, r-devel-linux-x86_64-debian-gcc, r-devel-linux-x86_64-fedora-clang, r-devel-linux-x86_64-fedora-gcc, r-devel-windows-x86_64, r-patched-linux-x86_64, r-release-linux-x86_64, r-release-macos-arm64, r-release-macos-x86_64, r-release-windows-x86_64, r-oldrel-macos-arm64, r-oldrel-macos-x86_64, r-oldrel-windows-x86_64
Version: 5.0
Check: installed package size
Result: NOTE
installed size is 5.9Mb
sub-directories of 1Mb or more:
R 4.0Mb
doc 1.1Mb
Flavors: r-oldrel-macos-arm64, r-oldrel-macos-x86_64, r-oldrel-windows-x86_64