Last updated on 2025-11-11 18:50:08 CET.
| Flavor | Version | Tinstall | Tcheck | Ttotal | Status | Flags |
|---|---|---|---|---|---|---|
| r-devel-linux-x86_64-debian-clang | 1.8 | 320.85 | 218.34 | 539.19 | OK | |
| r-devel-linux-x86_64-debian-gcc | 1.8 | 205.18 | 135.50 | 340.68 | OK | |
| r-devel-linux-x86_64-fedora-clang | 1.8 | 557.00 | 442.80 | 999.80 | OK | |
| r-devel-linux-x86_64-fedora-gcc | 1.8 | 470.00 | 458.01 | 928.01 | OK | |
| r-devel-windows-x86_64 | 1.8 | 358.00 | 195.00 | 553.00 | OK | |
| r-patched-linux-x86_64 | 1.8 | 314.48 | 207.85 | 522.33 | OK | |
| r-release-linux-x86_64 | 1.8 | 317.09 | 206.22 | 523.31 | OK | |
| r-release-macos-arm64 | 1.8 | 112.00 | 83.00 | 195.00 | OK | |
| r-release-macos-x86_64 | 1.8 | 107.00 | 192.00 | 299.00 | OK | |
| r-release-windows-x86_64 | 1.8 | 347.00 | 193.00 | 540.00 | OK | |
| r-oldrel-macos-arm64 | 1.8 | 92.00 | 76.00 | 168.00 | NOTE | |
| r-oldrel-macos-x86_64 | 1.8 | 105.00 | 204.00 | 309.00 | NOTE | |
| r-oldrel-windows-x86_64 | 1.8 | 415.00 | 271.00 | 686.00 | OK |
Version: 1.8
Check: installed package size
Result: NOTE
installed size is 28.3Mb
sub-directories of 1Mb or more:
case 1.9Mb
libs 25.7Mb
Flavors: r-oldrel-macos-arm64, r-oldrel-macos-x86_64