Last updated on 2025-02-22 07:51:48 CET.
Flavor | Version | Tinstall | Tcheck | Ttotal | Status | Flags |
---|---|---|---|---|---|---|
r-devel-linux-x86_64-debian-clang | 3.3.3 | 23.76 | 84.06 | 107.82 | NOTE | |
r-devel-linux-x86_64-debian-gcc | 3.3.3 | 15.37 | 56.99 | 72.36 | NOTE | |
r-devel-linux-x86_64-fedora-clang | 3.3.3 | 175.96 | OK | |||
r-devel-linux-x86_64-fedora-gcc | 3.3.3 | 166.34 | OK | |||
r-devel-macos-arm64 | 3.3.3 | 45.00 | OK | |||
r-devel-macos-x86_64 | 3.3.3 | 93.00 | OK | |||
r-devel-windows-x86_64 | 3.3.3 | 28.00 | 92.00 | 120.00 | OK | |
r-patched-linux-x86_64 | 3.3.3 | 24.09 | 78.43 | 102.52 | OK | |
r-release-linux-x86_64 | 3.3.3 | 21.93 | 79.24 | 101.17 | OK | |
r-release-macos-arm64 | 3.3.3 | 45.00 | OK | |||
r-release-macos-x86_64 | 3.3.3 | 104.00 | OK | |||
r-release-windows-x86_64 | 3.3.3 | 32.00 | 96.00 | 128.00 | OK | |
r-oldrel-macos-arm64 | 3.3.2 | 49.00 | OK | |||
r-oldrel-macos-x86_64 | 3.3.2 | 86.00 | OK | |||
r-oldrel-windows-x86_64 | 3.3.2 | 37.00 | 116.00 | 153.00 | OK |
Version: 3.3.3
Check: for unstated dependencies in ‘demo’
Result: NOTE
'library' or 'require' calls not declared from:
‘MBA’ ‘akima’ ‘colorspace’ ‘fields’ ‘maps’
Flavors: r-devel-linux-x86_64-debian-clang, r-devel-linux-x86_64-debian-gcc