CRAN Package Check Results for Package spaero

Last updated on 2025-07-03 07:50:48 CEST.

Flavor Version Tinstall Tcheck Ttotal Status Flags
r-devel-linux-x86_64-debian-clang 0.6.0 1.89 58.36 60.25 NOTE
r-devel-linux-x86_64-debian-gcc 0.6.0 1.47 45.10 46.57 NOTE
r-devel-linux-x86_64-fedora-clang 0.6.0 93.35 NOTE
r-devel-linux-x86_64-fedora-gcc 0.6.0 118.65 NOTE
r-devel-windows-x86_64 0.6.0 3.00 112.00 115.00 OK
r-patched-linux-x86_64 0.6.0 1.94 54.42 56.36 NOTE
r-release-linux-x86_64 0.6.0 1.67 52.66 54.33 NOTE
r-release-macos-arm64 0.6.0 49.00 OK
r-release-macos-x86_64 0.6.0 87.00 OK
r-release-windows-x86_64 0.6.0 4.00 110.00 114.00 OK
r-oldrel-macos-arm64 0.6.0 44.00 NOTE
r-oldrel-macos-x86_64 0.6.0 66.00 NOTE
r-oldrel-windows-x86_64 0.6.0 4.00 122.00 126.00 NOTE

Check Details

Version: 0.6.0
Check: Rd cross-references
Result: NOTE Unknown package ‘earlywarnings’ in Rd xrefs Flavors: r-devel-linux-x86_64-debian-clang, r-devel-linux-x86_64-debian-gcc, r-devel-linux-x86_64-fedora-clang, r-devel-linux-x86_64-fedora-gcc, r-patched-linux-x86_64, r-release-linux-x86_64

Version: 0.6.0
Check: dependencies in R code
Result: NOTE Namespace in Imports field not imported from: ‘utils’ All declared Imports should be used. Flavors: r-devel-linux-x86_64-fedora-clang, r-devel-linux-x86_64-fedora-gcc

Version: 0.6.0
Check: LazyData
Result: NOTE 'LazyData' is specified without a 'data' directory Flavors: r-oldrel-macos-arm64, r-oldrel-macos-x86_64, r-oldrel-windows-x86_64