Last updated on 2025-10-31 06:50:59 CET.
| Flavor | Version | Tinstall | Tcheck | Ttotal | Status | Flags | 
|---|---|---|---|---|---|---|
| r-devel-linux-x86_64-debian-clang | 1.3 | 25.39 | 97.79 | 123.18 | NOTE | |
| r-devel-linux-x86_64-debian-gcc | 1.3 | 16.62 | 69.55 | 86.17 | NOTE | |
| r-devel-linux-x86_64-fedora-clang | 1.3 | 55.00 | 146.53 | 201.53 | OK | |
| r-devel-linux-x86_64-fedora-gcc | 1.3 | 53.00 | 126.31 | 179.31 | OK | |
| r-devel-windows-x86_64 | 1.3 | 28.00 | 118.00 | 146.00 | OK | |
| r-patched-linux-x86_64 | 1.3 | 19.90 | 92.63 | 112.53 | OK | |
| r-release-linux-x86_64 | 1.3 | 22.80 | 91.76 | 114.56 | OK | |
| r-release-macos-arm64 | 1.3 | 11.00 | 40.00 | 51.00 | OK | |
| r-release-macos-x86_64 | 1.3 | 19.00 | 79.00 | 98.00 | OK | |
| r-release-windows-x86_64 | 1.3 | 26.00 | 120.00 | 146.00 | OK | |
| r-oldrel-macos-arm64 | 1.3 | 9.00 | 38.00 | 47.00 | NOTE | |
| r-oldrel-macos-x86_64 | 1.3 | 14.00 | 56.00 | 70.00 | NOTE | |
| r-oldrel-windows-x86_64 | 1.3 | 33.00 | 153.00 | 186.00 | NOTE | 
Version: 1.3
Check: CRAN incoming feasibility
Result: NOTE
  Maintainer: ‘Marius Placzek <marius.placzek@med.uni-goettingen.de>’
  
  No Authors@R field in DESCRIPTION.
  Please add one, modifying
    Authors@R: c(person(given = "T.",
                        family = "Asendorf",
                        role = "aut"),
                 person(given = "R.",
                        family = "Gera",
                        role = "aut"),
                 person(given = "S.",
                        family = "Islam",
                        role = "aut"),
                 person(given = "M.",
                        family = "Harden",
                        role = "aut"),
                 person(given = "M.",
                        family = "Placzek",
                        role = "aut"),
                 person(given = "Marius",
                        family = "Placzek",
                        role = "cre",
                        email = "marius.placzek@med.uni-goettingen.de"))
  as necessary.
Flavors: r-devel-linux-x86_64-debian-clang, r-devel-linux-x86_64-debian-gcc
Version: 1.3
Check: LazyData
Result: NOTE
    'LazyData' is specified without a 'data' directory
Flavors: r-oldrel-macos-arm64, r-oldrel-macos-x86_64, r-oldrel-windows-x86_64