Last updated on 2025-07-27 06:49:41 CEST.
Flavor | Version | Tinstall | Tcheck | Ttotal | Status | Flags |
---|---|---|---|---|---|---|
r-devel-linux-x86_64-debian-clang | 0.6.0 | 10.39 | 412.79 | 423.18 | NOTE | |
r-devel-linux-x86_64-debian-gcc | 0.6.0 | 7.38 | 274.97 | 282.35 | NOTE | |
r-devel-linux-x86_64-fedora-clang | 0.6.0 | 654.21 | NOTE | |||
r-devel-linux-x86_64-fedora-gcc | 0.6.0 | 681.15 | NOTE | |||
r-devel-windows-x86_64 | 0.6.0 | 16.00 | 473.00 | 489.00 | NOTE | |
r-patched-linux-x86_64 | 0.6.0 | 11.23 | 400.48 | 411.71 | NOTE | |
r-release-linux-x86_64 | 0.6.0 | 10.98 | 398.68 | 409.66 | NOTE | |
r-release-macos-arm64 | 0.6.0 | 168.00 | NOTE | |||
r-release-macos-x86_64 | 0.6.0 | 371.00 | NOTE | |||
r-release-windows-x86_64 | 0.6.0 | 14.00 | 466.00 | 480.00 | NOTE | |
r-oldrel-macos-arm64 | 0.6.0 | 138.00 | OK | |||
r-oldrel-macos-x86_64 | 0.6.0 | 251.00 | OK | |||
r-oldrel-windows-x86_64 | 0.6.0 | 17.00 | 614.00 | 631.00 | OK |
Version: 0.6.0
Check: DESCRIPTION meta-information
Result: NOTE
Missing dependency on R >= 4.1.0 because package code uses the pipe
|> or function shorthand \(...) syntax added in R 4.1.0.
File(s) using such syntax:
‘kinetic_ising_ensemble.R’
Flavors: r-devel-linux-x86_64-debian-clang, r-devel-linux-x86_64-debian-gcc, r-devel-linux-x86_64-fedora-clang, r-devel-linux-x86_64-fedora-gcc, r-devel-windows-x86_64, r-patched-linux-x86_64, r-release-linux-x86_64, r-release-macos-arm64, r-release-macos-x86_64, r-release-windows-x86_64