Last updated on 2025-02-22 07:51:48 CET.
Flavor | Version | Tinstall | Tcheck | Ttotal | Status | Flags |
---|---|---|---|---|---|---|
r-devel-linux-x86_64-debian-clang | 0.0.5 | 5.79 | 56.19 | 61.98 | NOTE | |
r-devel-linux-x86_64-debian-gcc | 0.0.5 | 3.87 | 40.25 | 44.12 | NOTE | |
r-devel-linux-x86_64-fedora-clang | 0.0.5 | 102.85 | NOTE | |||
r-devel-linux-x86_64-fedora-gcc | 0.0.5 | 102.88 | NOTE | |||
r-devel-macos-arm64 | 0.0.5 | 40.00 | OK | |||
r-devel-macos-x86_64 | 0.0.5 | 81.00 | NOTE | |||
r-devel-windows-x86_64 | 0.0.5 | 9.00 | 84.00 | 93.00 | NOTE | |
r-patched-linux-x86_64 | 0.0.5 | 5.68 | 52.12 | 57.80 | OK | |
r-release-linux-x86_64 | 0.0.5 | 5.68 | 51.65 | 57.33 | OK | |
r-release-macos-arm64 | 0.0.5 | 41.00 | OK | |||
r-release-macos-x86_64 | 0.0.5 | 65.00 | OK | |||
r-release-windows-x86_64 | 0.0.5 | 9.00 | 81.00 | 90.00 | OK | |
r-oldrel-macos-arm64 | 0.0.5 | 44.00 | OK | |||
r-oldrel-macos-x86_64 | 0.0.5 | 75.00 | OK | |||
r-oldrel-windows-x86_64 | 0.0.5 | 10.00 | 93.00 | 103.00 | OK |
Version: 0.0.5
Check: DESCRIPTION meta-information
Result: NOTE
Missing dependency on R >= 4.1.0 because package code uses the pipe
|> or function shorthand \(...) syntax added in R 4.1.0.
File(s) using such syntax:
‘federov.R’
Flavors: r-devel-linux-x86_64-debian-clang, r-devel-linux-x86_64-debian-gcc, r-devel-linux-x86_64-fedora-clang, r-devel-linux-x86_64-fedora-gcc, r-devel-macos-x86_64, r-devel-windows-x86_64