Last updated on 2025-02-21 06:49:56 CET.
Flavor | Version | Tinstall | Tcheck | Ttotal | Status | Flags |
---|---|---|---|---|---|---|
r-devel-linux-x86_64-debian-clang | 0.3.3 | 35.75 | 195.55 | 231.30 | NOTE | |
r-devel-linux-x86_64-debian-gcc | 0.3.3 | 23.57 | 130.86 | 154.43 | NOTE | |
r-devel-linux-x86_64-fedora-clang | 0.3.3 | 373.36 | NOTE | |||
r-devel-linux-x86_64-fedora-gcc | 0.3.3 | 402.53 | NOTE | |||
r-devel-macos-arm64 | 0.3.3 | 87.00 | OK | |||
r-devel-macos-x86_64 | 0.3.3 | 217.00 | NOTE | |||
r-devel-windows-x86_64 | 0.3.3 | 34.00 | 170.00 | 204.00 | NOTE | |
r-patched-linux-x86_64 | 0.3.3 | 33.02 | 182.49 | 215.51 | OK | |
r-release-linux-x86_64 | 0.3.3 | 31.52 | 182.81 | 214.33 | OK | |
r-release-macos-arm64 | 0.3.3 | 93.00 | OK | |||
r-release-macos-x86_64 | 0.3.3 | 211.00 | OK | |||
r-release-windows-x86_64 | 0.3.3 | 34.00 | 166.00 | 200.00 | OK | |
r-oldrel-macos-arm64 | 0.3.3 | 93.00 | OK | |||
r-oldrel-macos-x86_64 | 0.3.3 | 207.00 | OK | |||
r-oldrel-windows-x86_64 | 0.3.3 | 44.00 | 226.00 | 270.00 | OK |
Version: 0.3.3
Check: DESCRIPTION meta-information
Result: NOTE
Missing dependency on R >= 4.2.0 because package code uses the pipe
placeholder syntax added in R 4.2.0.
File(s) using such syntax:
‘addlearn_local.R’
Flavors: r-devel-linux-x86_64-debian-clang, r-devel-linux-x86_64-debian-gcc, r-devel-linux-x86_64-fedora-clang, r-devel-linux-x86_64-fedora-gcc, r-devel-windows-x86_64
Version: 0.3.3
Check: DESCRIPTION meta-information
Result: NOTE
Missing dependency on R >= 4.1.0 because package code uses the pipe
|> or function shorthand \(...) syntax added in R 4.1.0.
File(s) using such syntax:
‘addlearn_local.R’
Flavor: r-devel-macos-x86_64