Last updated on 2025-10-21 18:50:06 CEST.
Flavor | Version | Tinstall | Tcheck | Ttotal | Status | Flags |
---|---|---|---|---|---|---|
r-devel-linux-x86_64-debian-clang | 1.2.3 | 11.57 | 87.43 | 99.00 | NOTE | |
r-devel-linux-x86_64-debian-gcc | 1.2.3 | 8.32 | 59.60 | 67.92 | NOTE | |
r-devel-linux-x86_64-fedora-clang | 1.2.3 | 57.00 | 95.61 | 152.61 | OK | |
r-devel-linux-x86_64-fedora-gcc | 1.2.3 | 24.00 | 113.68 | 137.68 | OK | |
r-devel-windows-x86_64 | 1.2.3 | 13.00 | 98.00 | 111.00 | NOTE | |
r-patched-linux-x86_64 | 1.2.3 | 11.65 | 80.25 | 91.90 | NOTE | |
r-release-linux-x86_64 | 1.2.3 | 10.25 | 80.40 | 90.65 | NOTE | |
r-release-macos-arm64 | 1.2.3 | 4.00 | 31.00 | 35.00 | OK | |
r-release-macos-x86_64 | 1.2.3 | 8.00 | 58.00 | 66.00 | OK | |
r-release-windows-x86_64 | 1.2.3 | 13.00 | 98.00 | 111.00 | NOTE | |
r-oldrel-macos-arm64 | 1.2.3 | 4.00 | 33.00 | 37.00 | OK | |
r-oldrel-macos-x86_64 | 1.2.3 | 11.00 | 78.00 | 89.00 | OK | |
r-oldrel-windows-x86_64 | 1.2.3 | 17.00 | 117.00 | 134.00 | OK |
Version: 1.2.3
Check: Rd cross-references
Result: NOTE
Found the following Rd file(s) with Rd \link{} targets missing package
anchors:
as.idigbio.Rd: idig_search_records
Please provide package anchors for all Rd \link{} targets not in the
package itself and the base packages.
Flavors: r-devel-linux-x86_64-debian-clang, r-devel-linux-x86_64-debian-gcc, r-devel-windows-x86_64, r-patched-linux-x86_64, r-release-linux-x86_64, r-release-windows-x86_64
Version: 1.2.3
Check: HTML version of manual
Result: NOTE
Found the following HTML validation problems:
as.ecoengine-defunct.html:46:1 (as.ecoengine-defunct.Rd:10): Warning: missing </ul> before </div>
fixnames-defunct.html:46:1 (fixnames-defunct.Rd:10): Warning: missing </ul> before </div>
obis_search.html:123:1 (obis_search.Rd:59): Warning: missing </ul> before </div>
occ_coverage.html:52:1 (occ_coverage.Rd:13): Warning: missing </ul> before </div>
Flavors: r-devel-linux-x86_64-debian-clang, r-devel-linux-x86_64-debian-gcc