Last updated on 2025-11-11 07:51:45 CET.
| Flavor | Version | Tinstall | Tcheck | Ttotal | Status | Flags |
|---|---|---|---|---|---|---|
| r-devel-linux-x86_64-debian-clang | 1.0.2.6 | 21.42 | 175.81 | 197.23 | OK | |
| r-devel-linux-x86_64-debian-gcc | 1.0.2.6 | 14.81 | 122.07 | 136.88 | OK | |
| r-devel-linux-x86_64-fedora-clang | 1.0.2.6 | 52.00 | 264.55 | 316.55 | OK | |
| r-devel-linux-x86_64-fedora-gcc | 1.0.2.6 | 57.00 | 252.70 | 309.70 | OK | |
| r-devel-windows-x86_64 | 1.0.2.6 | 24.00 | 159.00 | 183.00 | OK | |
| r-patched-linux-x86_64 | 1.0.2.6 | 20.99 | 162.66 | 183.65 | OK | |
| r-release-linux-x86_64 | 1.0.2.6 | 20.38 | 164.43 | 184.81 | OK | |
| r-release-macos-arm64 | 1.0.2.6 | 9.00 | 70.00 | 79.00 | OK | |
| r-release-macos-x86_64 | 1.0.2.6 | 20.00 | 149.00 | 169.00 | OK | |
| r-release-windows-x86_64 | 1.0.2.6 | 23.00 | 155.00 | 178.00 | OK | |
| r-oldrel-macos-arm64 | 1.0.2.6 | 9.00 | 72.00 | 81.00 | NOTE | |
| r-oldrel-macos-x86_64 | 1.0.2.6 | 20.00 | 150.00 | 170.00 | NOTE | |
| r-oldrel-windows-x86_64 | 1.0.2.6 | 32.00 | 200.00 | 232.00 | NOTE |
Version: 1.0.2.6
Check: installed package size
Result: NOTE
installed size is 6.9Mb
sub-directories of 1Mb or more:
doc 5.5Mb
Flavors: r-oldrel-macos-arm64, r-oldrel-macos-x86_64, r-oldrel-windows-x86_64