Last updated on 2025-02-22 07:51:48 CET.
Flavor | Version | Tinstall | Tcheck | Ttotal | Status | Flags |
---|---|---|---|---|---|---|
r-devel-linux-x86_64-debian-clang | 0.1.1 | 12.94 | 104.25 | 117.19 | NOTE | |
r-devel-linux-x86_64-debian-gcc | 0.1.1 | 8.59 | 75.99 | 84.58 | NOTE | |
r-devel-linux-x86_64-fedora-clang | 0.1.1 | 187.28 | NOTE | |||
r-devel-linux-x86_64-fedora-gcc | 0.1.1 | 172.89 | NOTE | |||
r-devel-macos-arm64 | 0.1.1 | 55.00 | NOTE | |||
r-devel-macos-x86_64 | 0.1.1 | 90.00 | NOTE | |||
r-devel-windows-x86_64 | 0.1.1 | 13.00 | 111.00 | 124.00 | NOTE | |
r-patched-linux-x86_64 | 0.1.1 | 11.58 | 95.43 | 107.01 | NOTE | |
r-release-linux-x86_64 | 0.1.1 | 11.76 | 94.83 | 106.59 | NOTE | |
r-release-macos-arm64 | 0.1.1 | 49.00 | NOTE | |||
r-release-macos-x86_64 | 0.1.1 | 71.00 | NOTE | |||
r-release-windows-x86_64 | 0.1.1 | 13.00 | 105.00 | 118.00 | NOTE | |
r-oldrel-macos-arm64 | 0.1.1 | 55.00 | OK | |||
r-oldrel-macos-x86_64 | 0.1.1 | 87.00 | OK | |||
r-oldrel-windows-x86_64 | 0.1.1 | 17.00 | 133.00 | 150.00 | OK |
Version: 0.1.1
Check: Rd files
Result: NOTE
checkRd: (-1) ssaBSS-package.Rd:22: Lost braces in \itemize; meant \describe ?
checkRd: (-1) ssaBSS-package.Rd:23: Lost braces in \itemize; meant \describe ?
checkRd: (-1) ssaBSS-package.Rd:24: Lost braces in \itemize; meant \describe ?
checkRd: (-1) ssaBSS-package.Rd:25: Lost braces in \itemize; meant \describe ?
checkRd: (-1) ssaBSS-package.Rd:26: Lost braces in \itemize; meant \describe ?
Flavors: r-devel-linux-x86_64-debian-clang, r-devel-linux-x86_64-debian-gcc, r-devel-linux-x86_64-fedora-clang, r-devel-linux-x86_64-fedora-gcc, r-devel-macos-arm64, r-devel-macos-x86_64, r-devel-windows-x86_64, r-patched-linux-x86_64, r-release-linux-x86_64, r-release-macos-arm64, r-release-macos-x86_64, r-release-windows-x86_64