Last updated on 2024-06-04 18:48:00 CEST.
Flavor | Version | Tinstall | Tcheck | Ttotal | Status | Flags |
---|---|---|---|---|---|---|
r-devel-linux-x86_64-debian-clang | 0.0-8 | 195.03 | 104.99 | 300.02 | OK | |
r-devel-linux-x86_64-debian-gcc | 0.0-8 | 156.22 | 78.77 | 234.99 | OK | |
r-devel-linux-x86_64-fedora-clang | 0.0-8 | 361.02 | OK | |||
r-devel-linux-x86_64-fedora-gcc | 0.0-8 | 427.51 | OK | |||
r-devel-windows-x86_64 | 0.0-8 | 162.00 | 122.00 | 284.00 | OK | |
r-patched-linux-x86_64 | 0.0-8 | 193.92 | 103.59 | 297.51 | OK | |
r-release-linux-x86_64 | 0.0-8 | 184.72 | 104.33 | 289.05 | OK | |
r-release-macos-arm64 | 0.0-8 | 119.00 | NOTE | |||
r-release-macos-x86_64 | 0.0-8 | 336.00 | NOTE | |||
r-release-windows-x86_64 | 0.0-8 | 165.00 | 114.00 | 279.00 | OK | |
r-oldrel-macos-arm64 | 0.0-8 | 125.00 | NOTE | |||
r-oldrel-macos-x86_64 | 0.0-8 | 306.00 | NOTE | |||
r-oldrel-windows-x86_64 | 0.0-8 | 208.00 | 147.00 | 355.00 | OK |
Version: 0.0-8
Check: installed package size
Result: NOTE
installed size is 50.3Mb
sub-directories of 1Mb or more:
libs 50.0Mb
Flavors: r-release-macos-arm64, r-release-macos-x86_64, r-oldrel-macos-arm64, r-oldrel-macos-x86_64