Last updated on 2025-07-02 06:49:36 CEST.
Flavor | Version | Tinstall | Tcheck | Ttotal | Status | Flags |
---|---|---|---|---|---|---|
r-devel-linux-x86_64-debian-clang | 1.0.8 | 64.91 | 96.99 | 161.90 | OK | |
r-devel-linux-x86_64-debian-gcc | 1.0.9 | 47.39 | 68.19 | 115.58 | OK | |
r-devel-linux-x86_64-fedora-clang | 1.0.8 | 290.57 | NOTE | |||
r-devel-linux-x86_64-fedora-gcc | 1.0.9 | 287.03 | NOTE | |||
r-devel-windows-x86_64 | 1.0.8 | 78.00 | 1019.00 | 1097.00 | OK | |
r-patched-linux-x86_64 | OK | |||||
r-release-linux-x86_64 | 1.0.8 | 65.73 | 89.83 | 155.56 | OK | |
r-release-macos-arm64 | 1.0.8 | 79.00 | OK | |||
r-release-macos-x86_64 | 1.0.9 | 77.00 | OK | |||
r-release-windows-x86_64 | 1.0.8 | 85.00 | 886.00 | 971.00 | OK | |
r-oldrel-macos-arm64 | 1.0.8 | 91.00 | NOTE | |||
r-oldrel-macos-x86_64 | 1.0.9 | 89.00 | NOTE | |||
r-oldrel-windows-x86_64 | 1.0.9 | 63.00 | 141.00 | 204.00 | OK |
Version: 1.0.8
Check: dependencies in R code
Result: NOTE
Namespace in Imports field not imported from: ‘statgenGWAS’
All declared Imports should be used.
Flavor: r-devel-linux-x86_64-fedora-clang
Version: 1.0.9
Check: dependencies in R code
Result: NOTE
Namespace in Imports field not imported from: ‘statgenGWAS’
All declared Imports should be used.
Flavor: r-devel-linux-x86_64-fedora-gcc
Version: 1.0.8
Check: installed package size
Result: NOTE
installed size is 7.5Mb
sub-directories of 1Mb or more:
extdata 2.4Mb
libs 4.2Mb
Flavor: r-oldrel-macos-arm64
Version: 1.0.9
Check: installed package size
Result: NOTE
installed size is 7.5Mb
sub-directories of 1Mb or more:
extdata 2.4Mb
libs 4.2Mb
Flavor: r-oldrel-macos-x86_64