Last updated on 2024-06-04 18:48:00 CEST.
Flavor | Version | Tinstall | Tcheck | Ttotal | Status | Flags |
---|---|---|---|---|---|---|
r-devel-linux-x86_64-debian-clang | 0.5.1 | 3.93 | 78.87 | 82.80 | NOTE | |
r-devel-linux-x86_64-debian-gcc | 0.5.1 | 3.42 | 58.37 | 61.79 | NOTE | |
r-devel-linux-x86_64-fedora-clang | 0.5.1 | 96.98 | NOTE | |||
r-devel-linux-x86_64-fedora-gcc | 0.5.1 | 96.29 | NOTE | |||
r-devel-windows-x86_64 | 0.5.1 | 5.00 | 79.00 | 84.00 | NOTE | |
r-patched-linux-x86_64 | 0.5.1 | 4.99 | 74.55 | 79.54 | NOTE | |
r-release-linux-x86_64 | 0.5.1 | 2.73 | 74.17 | 76.90 | NOTE | |
r-release-macos-arm64 | 0.5.1 | 37.00 | NOTE | |||
r-release-windows-x86_64 | 0.5.1 | 5.00 | 136.00 | 141.00 | NOTE | |
r-oldrel-macos-arm64 | 0.5.1 | 36.00 | NOTE | |||
r-oldrel-macos-x86_64 | 0.5.1 | 55.00 | NOTE | |||
r-oldrel-windows-x86_64 | 0.5.1 | 7.00 | 94.00 | 101.00 | NOTE |
Version: 0.5.1
Check: LazyData
Result: NOTE
'LazyData' is specified without a 'data' directory
Flavors: r-devel-linux-x86_64-debian-clang, r-devel-linux-x86_64-debian-gcc, r-devel-linux-x86_64-fedora-clang, r-devel-linux-x86_64-fedora-gcc, r-devel-windows-x86_64, r-patched-linux-x86_64, r-release-linux-x86_64, r-release-macos-arm64, r-release-windows-x86_64, r-oldrel-macos-arm64, r-oldrel-macos-x86_64, r-oldrel-windows-x86_64