Last updated on 2024-06-04 18:48:00 CEST.
Flavor | Version | Tinstall | Tcheck | Ttotal | Status | Flags |
---|---|---|---|---|---|---|
r-devel-linux-x86_64-debian-clang | 1.5.4 | 9.53 | 463.76 | 473.29 | OK | |
r-devel-linux-x86_64-debian-gcc | 1.5.4 | 5.88 | 333.39 | 339.27 | OK | |
r-devel-linux-x86_64-fedora-clang | 1.5.4 | 556.31 | OK | |||
r-devel-linux-x86_64-fedora-gcc | 1.5.4 | 607.40 | OK | |||
r-devel-windows-x86_64 | 1.5.4 | 11.00 | 229.00 | 240.00 | OK | |
r-patched-linux-x86_64 | 1.5.4 | 8.21 | 442.62 | 450.83 | OK | |
r-release-linux-x86_64 | 1.5.4 | 8.15 | 395.40 | 403.55 | NOTE | |
r-release-macos-arm64 | 1.5.4 | 141.00 | OK | |||
r-release-macos-x86_64 | 1.5.4 | 267.00 | OK | |||
r-release-windows-x86_64 | 1.5.4 | 11.00 | 287.00 | 298.00 | OK | |
r-oldrel-macos-arm64 | 1.5.4 | 149.00 | OK | |||
r-oldrel-macos-x86_64 | 1.5.4 | 250.00 | OK | |||
r-oldrel-windows-x86_64 | 1.5.4 | 14.00 | 305.00 | 319.00 | OK |
Version: 1.5.4
Check: package dependencies
Result: NOTE
Package suggested but not available for checking: ‘metaBMA’
Flavor: r-release-linux-x86_64