CRAN Package Check Results for Package stlplus

Last updated on 2025-02-21 19:50:42 CET.

Flavor Version Tinstall Tcheck Ttotal Status Flags
r-devel-linux-x86_64-debian-clang 0.5.1 19.30 33.37 52.67 OK
r-devel-linux-x86_64-debian-gcc 0.5.1 12.29 24.70 36.99 OK
r-devel-linux-x86_64-fedora-clang 0.5.1 102.09 NOTE
r-devel-linux-x86_64-fedora-gcc 0.5.1 88.49 NOTE
r-devel-macos-arm64 0.5.1 27.00 OK
r-devel-macos-x86_64 0.5.1 58.00 OK
r-devel-windows-x86_64 0.5.1 21.00 70.00 91.00 OK
r-patched-linux-x86_64 0.5.1 18.44 31.85 50.29 NOTE
r-release-linux-x86_64 0.5.1 17.02 31.73 48.75 NOTE
r-release-macos-arm64 0.5.1 32.00 NOTE
r-release-macos-x86_64 0.5.1 63.00 NOTE
r-release-windows-x86_64 0.5.1 23.00 68.00 91.00 NOTE
r-oldrel-macos-arm64 0.5.1 32.00 NOTE
r-oldrel-macos-x86_64 0.5.1 48.00 NOTE
r-oldrel-windows-x86_64 0.5.1 25.00 108.00 133.00 NOTE

Check Details

Version: 0.5.1
Check: compiled code
Result: NOTE File ‘stlplus/libs/stlplus.so’: Found no calls to: ‘R_registerRoutines’, ‘R_useDynamicSymbols’ It is good practice to register native routines and to disable symbol search. See ‘Writing portable packages’ in the ‘Writing R Extensions’ manual. Flavors: r-devel-linux-x86_64-fedora-clang, r-devel-linux-x86_64-fedora-gcc

Version: 0.5.1
Check: LazyData
Result: NOTE 'LazyData' is specified without a 'data' directory Flavors: r-patched-linux-x86_64, r-release-linux-x86_64, r-release-macos-arm64, r-release-macos-x86_64, r-release-windows-x86_64, r-oldrel-macos-arm64, r-oldrel-macos-x86_64, r-oldrel-windows-x86_64