Last updated on 2025-10-22 07:50:32 CEST.
Flavor | Version | Tinstall | Tcheck | Ttotal | Status | Flags |
---|---|---|---|---|---|---|
r-devel-linux-x86_64-debian-clang | 1.9-1 | 21.79 | 182.84 | 204.63 | NOTE | |
r-devel-linux-x86_64-debian-gcc | 1.9-1 | 17.39 | 125.19 | 142.58 | NOTE | |
r-devel-linux-x86_64-fedora-clang | 1.9-1 | 122.00 | 213.50 | 335.50 | OK | |
r-devel-linux-x86_64-fedora-gcc | 1.9-1 | 101.00 | 232.74 | 333.74 | OK | |
r-devel-windows-x86_64 | 1.9-1 | 28.00 | 197.00 | 225.00 | OK | |
r-patched-linux-x86_64 | 1.9-1 | 22.64 | 172.06 | 194.70 | OK | |
r-release-linux-x86_64 | 1.9-1 | 20.90 | 171.74 | 192.64 | OK | |
r-release-macos-arm64 | 1.9-1 | 11.00 | 63.00 | 74.00 | OK | |
r-release-macos-x86_64 | 1.9-1 | 28.00 | 119.00 | 147.00 | OK | |
r-release-windows-x86_64 | 1.9-1 | 25.00 | 198.00 | 223.00 | OK | |
r-oldrel-macos-arm64 | 1.9-1 | 10.00 | 79.00 | 89.00 | OK | |
r-oldrel-macos-x86_64 | 1.9-1 | 27.00 | 125.00 | 152.00 | OK | |
r-oldrel-windows-x86_64 | 1.9-1 | 34.00 | 242.00 | 276.00 | OK |
Version: 1.9-1
Check: HTML version of manual
Result: NOTE
Found the following HTML validation problems:
c_mine.html:66:1 (c_mine.Rd:20): Warning: missing </ul> before </div>
knn_dist.html:50:1 (knn_dist.Rd:12): Warning: missing </ul> before </div>
match_partial_ignorecase_nopunct.html:54:1 (match_partial_ignorecase_nopunct.Rd:14): Warning: missing </ul> before </div>
Flavors: r-devel-linux-x86_64-debian-clang, r-devel-linux-x86_64-debian-gcc