Last updated on 2025-11-05 07:50:59 CET.
| Flavor | Version | Tinstall | Tcheck | Ttotal | Status | Flags |
|---|---|---|---|---|---|---|
| r-devel-linux-x86_64-debian-clang | 1.1 | 2.35 | 23.33 | 25.68 | NOTE | |
| r-devel-linux-x86_64-debian-gcc | 1.1 | 1.79 | 18.13 | 19.92 | NOTE | |
| r-devel-linux-x86_64-fedora-clang | 1.1 | 37.52 | NOTE | |||
| r-devel-linux-x86_64-fedora-gcc | 1.1 | 35.10 | NOTE | |||
| r-devel-windows-x86_64 | 1.1 | 3.00 | 39.00 | 42.00 | NOTE | |
| r-patched-linux-x86_64 | 1.1 | 2.60 | 21.82 | 24.42 | OK | |
| r-release-linux-x86_64 | 1.1 | 2.18 | 21.50 | 23.68 | OK | |
| r-release-macos-arm64 | 1.1 | 1.00 | 17.00 | 18.00 | OK | |
| r-release-macos-x86_64 | 1.1 | 3.00 | 25.00 | 28.00 | OK | |
| r-release-windows-x86_64 | 1.1 | 3.00 | 40.00 | 43.00 | OK | |
| r-oldrel-macos-arm64 | 1.1 | 1.00 | 16.00 | 17.00 | OK | |
| r-oldrel-macos-x86_64 | 1.1 | 2.00 | 22.00 | 24.00 | OK | |
| r-oldrel-windows-x86_64 | 1.1 | 3.00 | 53.00 | 56.00 | OK |
Version: 1.1
Check: CRAN incoming feasibility
Result: NOTE
Maintainer: ‘Xiangdong Gu <ustcgxd@gmail.com>’
No Authors@R field in DESCRIPTION.
Please add one, modifying
Authors@R: c(person(given = "Xiangdong",
family = "Gu",
role = c("aut", "cre"),
email = "ustcgxd@gmail.com"),
person(given = "Raji",
family = "Balasubramanian",
role = "aut"))
as necessary.
Flavors: r-devel-linux-x86_64-debian-clang, r-devel-linux-x86_64-debian-gcc
Version: 1.1
Check: Rd files
Result: NOTE
checkRd: (-1) icweib.Rd:72-79: Only 3 columns allowed in this table (row 2 has 1)
Flavors: r-devel-linux-x86_64-debian-clang, r-devel-linux-x86_64-debian-gcc, r-devel-linux-x86_64-fedora-clang, r-devel-linux-x86_64-fedora-gcc, r-devel-windows-x86_64