Last updated on 2025-10-25 06:49:56 CEST.
| Flavor | Version | Tinstall | Tcheck | Ttotal | Status | Flags |
|---|---|---|---|---|---|---|
| r-devel-linux-x86_64-debian-clang | 1.0.3 | 5.97 | 87.92 | 93.89 | NOTE | |
| r-devel-linux-x86_64-debian-gcc | 1.0.3 | 3.83 | 62.64 | 66.47 | NOTE | |
| r-devel-linux-x86_64-fedora-clang | 1.0.3 | 25.00 | 121.78 | 146.78 | NOTE | |
| r-devel-linux-x86_64-fedora-gcc | 1.0.3 | 12.00 | 131.44 | 143.44 | NOTE | |
| r-devel-windows-x86_64 | 1.0.3 | 8.00 | 98.00 | 106.00 | NOTE | |
| r-patched-linux-x86_64 | 1.0.3 | 6.02 | 81.01 | 87.03 | NOTE | |
| r-release-linux-x86_64 | 1.0.3 | 5.40 | 82.48 | 87.88 | NOTE | |
| r-release-macos-arm64 | 1.0.3 | 2.00 | 40.00 | 42.00 | NOTE | |
| r-release-macos-x86_64 | 1.0.3 | 4.00 | 72.00 | 76.00 | NOTE | |
| r-release-windows-x86_64 | 1.0.3 | 9.00 | 103.00 | 112.00 | NOTE | |
| r-oldrel-macos-arm64 | 1.0.3 | 2.00 | 42.00 | 44.00 | OK | |
| r-oldrel-macos-x86_64 | 1.0.3 | 4.00 | 72.00 | 76.00 | OK | |
| r-oldrel-windows-x86_64 | 1.0.3 | 9.00 | 122.00 | 131.00 | OK |
Version: 1.0.3
Check: DESCRIPTION meta-information
Result: NOTE
Missing dependency on R >= 4.1.0 because package code uses the pipe
|> or function shorthand \(...) syntax added in R 4.1.0.
File(s) using such syntax:
‘geom_glyph_ribbon.R’ ‘geom_glyph_ribbon.Rd’ ‘geom_glyph_segment.Rd’
‘theme_glyph.Rd’
Flavors: r-devel-linux-x86_64-debian-clang, r-devel-linux-x86_64-debian-gcc, r-devel-linux-x86_64-fedora-clang, r-devel-linux-x86_64-fedora-gcc, r-devel-windows-x86_64, r-patched-linux-x86_64, r-release-linux-x86_64, r-release-macos-arm64, r-release-macos-x86_64, r-release-windows-x86_64