Last updated on 2025-10-23 18:50:40 CEST.
| Flavor | Version | Tinstall | Tcheck | Ttotal | Status | Flags |
|---|---|---|---|---|---|---|
| r-devel-linux-x86_64-debian-clang | 0.1.0 | 4.24 | 233.35 | 237.59 | OK | |
| r-devel-linux-x86_64-debian-gcc | 0.1.0 | 2.78 | 136.28 | 139.06 | OK | |
| r-devel-linux-x86_64-fedora-clang | 0.1.0 | 21.00 | 375.77 | 396.77 | OK | |
| r-devel-linux-x86_64-fedora-gcc | 0.1.0 | 336.89 | OK | |||
| r-devel-windows-x86_64 | 0.1.0 | 6.00 | 190.00 | 196.00 | OK | |
| r-patched-linux-x86_64 | 0.1.0 | 3.52 | 217.06 | 220.58 | OK | |
| r-release-linux-x86_64 | 0.1.0 | 3.77 | 215.94 | 219.71 | OK | |
| r-release-macos-arm64 | 0.1.0 | 2.00 | 53.00 | 55.00 | OK | |
| r-release-macos-x86_64 | 0.1.0 | 3.00 | 111.00 | 114.00 | OK | |
| r-release-windows-x86_64 | 0.1.0 | 6.00 | 191.00 | 197.00 | OK | |
| r-oldrel-macos-arm64 | 0.1.0 | 2.00 | 57.00 | 59.00 | NOTE | |
| r-oldrel-macos-x86_64 | 0.1.0 | 3.00 | 95.00 | 98.00 | NOTE | |
| r-oldrel-windows-x86_64 | 0.1.0 | 7.00 | 249.00 | 256.00 | NOTE |
Version: 0.1.0
Check: LazyData
Result: NOTE
'LazyData' is specified without a 'data' directory
Flavors: r-oldrel-macos-arm64, r-oldrel-macos-x86_64, r-oldrel-windows-x86_64