Last updated on 2024-06-04 18:48:01 CEST.
Flavor | Version | Tinstall | Tcheck | Ttotal | Status | Flags |
---|---|---|---|---|---|---|
r-devel-linux-x86_64-debian-clang | 0.5 | 12.52 | 255.80 | 268.32 | NOTE | |
r-devel-linux-x86_64-debian-gcc | 0.5 | 9.61 | 174.15 | 183.76 | NOTE | |
r-devel-linux-x86_64-fedora-clang | 0.5 | 320.41 | NOTE | |||
r-devel-linux-x86_64-fedora-gcc | 0.5 | 310.89 | NOTE | |||
r-devel-windows-x86_64 | 0.5 | 13.00 | 182.00 | 195.00 | NOTE | |
r-patched-linux-x86_64 | 0.5 | 12.66 | 237.80 | 250.46 | NOTE | |
r-release-linux-x86_64 | 0.5 | 11.24 | 236.45 | 247.69 | NOTE | |
r-release-macos-arm64 | 0.5 | 84.00 | NOTE | |||
r-release-windows-x86_64 | 0.5 | 12.00 | 183.00 | 195.00 | NOTE | |
r-oldrel-macos-arm64 | 0.5 | 122.00 | NOTE | |||
r-oldrel-macos-x86_64 | 0.5 | 221.00 | OK | |||
r-oldrel-windows-x86_64 | 0.5 | 15.00 | 233.00 | 248.00 | NOTE |
Version: 0.5
Check: R code for possible problems
Result: NOTE
surfaceSimulate : phytransform: no visible global function definition
for ‘rescale’
Undefined global functions or variables:
rescale
Flavors: r-devel-linux-x86_64-debian-clang, r-devel-linux-x86_64-debian-gcc, r-devel-linux-x86_64-fedora-clang, r-devel-linux-x86_64-fedora-gcc, r-devel-windows-x86_64, r-patched-linux-x86_64, r-release-linux-x86_64, r-release-macos-arm64, r-release-windows-x86_64, r-oldrel-macos-arm64, r-oldrel-windows-x86_64