Last updated on 2025-02-21 06:49:56 CET.
Flavor | Version | Tinstall | Tcheck | Ttotal | Status | Flags |
---|---|---|---|---|---|---|
r-devel-linux-x86_64-debian-clang | 2.0.1 | 44.66 | 106.62 | 151.28 | OK | --no-vignettes |
r-devel-linux-x86_64-debian-gcc | 2.0.1 | 34.64 | 73.82 | 108.46 | OK | --no-vignettes |
r-devel-linux-x86_64-fedora-clang | 2.0.1 | 536.55 | OK | |||
r-devel-linux-x86_64-fedora-gcc | 2.0.1 | 563.47 | OK | |||
r-devel-macos-arm64 | 2.0.1 | 148.00 | OK | |||
r-devel-macos-x86_64 | 2.0.1 | 307.00 | OK | |||
r-devel-windows-x86_64 | 2.0.1 | 42.00 | 304.00 | 346.00 | OK | |
r-patched-linux-x86_64 | 2.0.1 | 49.67 | 108.63 | 158.30 | OK | --no-vignettes |
r-release-linux-x86_64 | 2.0.1 | 50.40 | 109.17 | 159.57 | OK | --no-vignettes |
r-release-macos-arm64 | 2.0.1 | 135.00 | NOTE | |||
r-release-macos-x86_64 | 2.0.1 | 349.00 | NOTE | |||
r-release-windows-x86_64 | 2.0.1 | 42.00 | 312.00 | 354.00 | OK | |
r-oldrel-macos-arm64 | 2.0.0 | 129.00 | NOTE | |||
r-oldrel-macos-x86_64 | 2.0.1 | 447.00 | NOTE | |||
r-oldrel-windows-x86_64 | 2.0.1 | 51.00 | 392.00 | 443.00 | OK |
Version: 2.0.1
Check: installed package size
Result: NOTE
installed size is 31.0Mb
sub-directories of 1Mb or more:
doc 1.5Mb
libs 28.9Mb
Flavors: r-release-macos-arm64, r-release-macos-x86_64, r-oldrel-macos-x86_64
Version: 2.0.0
Check: installed package size
Result: NOTE
installed size is 30.9Mb
sub-directories of 1Mb or more:
doc 1.5Mb
libs 28.9Mb
Flavor: r-oldrel-macos-arm64