CRAN Package Check Results for Package survRM2perm

Last updated on 2025-04-29 06:49:57 CEST.

Flavor Version Tinstall Tcheck Ttotal Status Flags
r-devel-linux-x86_64-debian-clang 0.1.0 6.02 55.13 61.15 OK
r-devel-linux-x86_64-debian-gcc 0.1.0 4.64 41.90 46.54 NOTE
r-devel-linux-x86_64-fedora-clang 0.1.0 97.60 OK
r-devel-linux-x86_64-fedora-gcc 0.1.0 91.36 OK
r-devel-windows-x86_64 0.1.0 7.00 68.00 75.00 OK
r-patched-linux-x86_64 0.1.0 6.07 53.63 59.70 OK
r-release-linux-x86_64 0.1.0 5.72 52.64 58.36 OK
r-release-macos-arm64 0.1.0 35.00 OK
r-release-macos-x86_64 0.1.0 52.00 OK
r-release-windows-x86_64 0.1.0 8.00 69.00 77.00 OK
r-oldrel-macos-arm64 0.1.0 31.00 NOTE
r-oldrel-macos-x86_64 0.1.0 44.00 NOTE
r-oldrel-windows-x86_64 0.1.0 11.00 77.00 88.00 NOTE

Check Details

Version: 0.1.0
Check: CRAN incoming feasibility
Result: NOTE Maintainer: ‘Miki Horiguchi <horiguchimiki@gmail.com>’ No Authors@R field in DESCRIPTION. Please add one, modifying Authors@R: c(person(given = "Miki", family = "Horiguchi", role = c("aut", "cre"), email = "horiguchimiki@gmail.com"), person(given = "Hajime", family = "Uno", role = "aut")) as necessary. Flavor: r-devel-linux-x86_64-debian-gcc

Version: 0.1.0
Check: LazyData
Result: NOTE 'LazyData' is specified without a 'data' directory Flavors: r-oldrel-macos-arm64, r-oldrel-macos-x86_64, r-oldrel-windows-x86_64