Last updated on 2025-02-21 06:49:56 CET.
Flavor | Version | Tinstall | Tcheck | Ttotal | Status | Flags |
---|---|---|---|---|---|---|
r-devel-linux-x86_64-debian-clang | 1.24.1 | 41.65 | 443.31 | 484.96 | OK | |
r-devel-linux-x86_64-debian-gcc | 1.24.1 | 25.57 | 304.27 | 329.84 | OK | |
r-devel-linux-x86_64-fedora-clang | 1.24.1 | 835.31 | OK | |||
r-devel-linux-x86_64-fedora-gcc | 1.24.1 | 805.37 | OK | |||
r-devel-macos-arm64 | 1.24.1 | 227.00 | OK | |||
r-devel-macos-x86_64 | 1.24.1 | 492.00 | OK | |||
r-devel-windows-x86_64 | 1.24.1 | 44.00 | 327.00 | 371.00 | OK | --no-vignettes |
r-patched-linux-x86_64 | 1.24.1 | 45.52 | 420.19 | 465.71 | NOTE | |
r-release-linux-x86_64 | 1.24.1 | 37.60 | 418.58 | 456.18 | NOTE | |
r-release-macos-arm64 | 1.24.1 | 241.00 | NOTE | |||
r-release-macos-x86_64 | 1.24.1 | 425.00 | NOTE | |||
r-release-windows-x86_64 | 1.24.1 | 47.00 | 322.00 | 369.00 | NOTE | --no-vignettes |
r-oldrel-macos-arm64 | 1.24.1 | 234.00 | NOTE | |||
r-oldrel-macos-x86_64 | 1.24.1 | 441.00 | NOTE | |||
r-oldrel-windows-x86_64 | 1.24.1 | 58.00 | 329.00 | 387.00 | NOTE | --no-vignettes |
Version: 1.24.1
Check: package dependencies
Result: NOTE
Package suggested but not available for checking: ‘INLA’
Flavors: r-patched-linux-x86_64, r-release-linux-x86_64, r-release-macos-arm64, r-release-macos-x86_64, r-oldrel-macos-arm64, r-oldrel-macos-x86_64
Version: 1.24.1
Check: installed package size
Result: NOTE
installed size is 7.0Mb
sub-directories of 1Mb or more:
R 2.1Mb
doc 2.3Mb
Flavors: r-release-macos-arm64, r-release-macos-x86_64, r-oldrel-macos-arm64, r-oldrel-macos-x86_64
Version: 1.24.1
Flags: --no-vignettes
Check: installed package size
Result: NOTE
installed size is 6.5Mb
sub-directories of 1Mb or more:
R 1.7Mb
doc 2.3Mb
Flavors: r-release-windows-x86_64, r-oldrel-windows-x86_64
Version: 1.24.1
Flags: --no-vignettes
Check: package dependencies
Result: NOTE
Package suggested but not available for checking: 'INLA'
Flavor: r-oldrel-windows-x86_64