Last updated on 2025-07-05 07:49:39 CEST.
Flavor | Version | Tinstall | Tcheck | Ttotal | Status | Flags |
---|---|---|---|---|---|---|
r-devel-linux-x86_64-debian-clang | 1.1.8 | 7.96 | 69.16 | 77.12 | NOTE | |
r-devel-linux-x86_64-debian-gcc | 1.1.8 | 6.07 | 49.60 | 55.67 | NOTE | |
r-devel-linux-x86_64-fedora-clang | 1.1.8 | 119.02 | OK | |||
r-devel-linux-x86_64-fedora-gcc | 1.1.8 | 109.26 | OK | |||
r-devel-windows-x86_64 | 1.1.8 | 9.00 | 82.00 | 91.00 | OK | |
r-patched-linux-x86_64 | 1.1.8 | 7.57 | 64.84 | 72.41 | OK | |
r-release-linux-x86_64 | 1.1.8 | 6.99 | 65.88 | 72.87 | OK | |
r-release-macos-arm64 | 1.1.8 | 39.00 | OK | |||
r-release-macos-x86_64 | 1.1.8 | 64.00 | OK | |||
r-release-windows-x86_64 | 1.1.8 | 10.00 | 90.00 | 100.00 | OK | |
r-oldrel-macos-arm64 | 1.1.8 | 34.00 | OK | |||
r-oldrel-macos-x86_64 | 1.1.8 | 52.00 | OK | |||
r-oldrel-windows-x86_64 | 1.1.8 | 11.00 | 99.00 | 110.00 | OK |
Version: 1.1.8
Check: CRAN incoming feasibility
Result: NOTE
Maintainer: ‘David Moriña Soler <dmorina@ub.edu>’
Package CITATION file contains call(s) to old-style personList() or
as.personList(). Please use c() on person objects instead.
Package CITATION file contains call(s) to old-style citEntry(). Please
use bibentry() instead.
Flavors: r-devel-linux-x86_64-debian-clang, r-devel-linux-x86_64-debian-gcc