Last updated on 2025-10-24 07:50:06 CEST.
| Flavor | Version | Tinstall | Tcheck | Ttotal | Status | Flags |
|---|---|---|---|---|---|---|
| r-devel-linux-x86_64-debian-clang | 1.2.0 | 2.03 | 90.87 | 92.90 | NOTE | |
| r-devel-linux-x86_64-debian-gcc | 1.2.0 | 1.62 | 64.34 | 65.96 | NOTE | |
| r-devel-linux-x86_64-fedora-clang | 1.2.0 | 136.35 | OK | |||
| r-devel-linux-x86_64-fedora-gcc | 1.2.0 | 138.14 | OK | |||
| r-devel-windows-x86_64 | 1.2.0 | 4.00 | 80.00 | 84.00 | OK | |
| r-patched-linux-x86_64 | 1.2.0 | 2.26 | 87.25 | 89.51 | OK | |
| r-release-linux-x86_64 | 1.2.0 | 2.11 | 86.68 | 88.79 | OK | |
| r-release-macos-arm64 | 1.2.0 | 1.00 | 38.00 | 39.00 | OK | |
| r-release-macos-x86_64 | 1.2.0 | 2.00 | 66.00 | 68.00 | OK | |
| r-release-windows-x86_64 | 1.2.0 | 5.00 | 81.00 | 86.00 | OK | |
| r-oldrel-macos-arm64 | 1.2.0 | 1.00 | 34.00 | 35.00 | OK | |
| r-oldrel-macos-x86_64 | 1.2.0 | 2.00 | 51.00 | 53.00 | OK | |
| r-oldrel-windows-x86_64 | 1.2.0 | 5.00 | 98.00 | 103.00 | OK |
Version: 1.2.0
Check: CRAN incoming feasibility
Result: NOTE
Maintainer: ‘Jessica Weiss <jessica.weiss@uhnresearch.ca>’
No Authors@R field in DESCRIPTION.
Please add one, modifying
Authors@R: c(person(given = "Jessica",
family = "Weiss",
role = c("aut", "cre"),
email = "jessica.weiss@uhnresearch.ca"),
person(given = "Wei",
family = "Xu",
role = "aut",
email = "Wei.Xu@uhnresearch.ca"))
as necessary.
Flavors: r-devel-linux-x86_64-debian-clang, r-devel-linux-x86_64-debian-gcc