Last updated on 2025-11-11 07:51:45 CET.
| Flavor | Version | Tinstall | Tcheck | Ttotal | Status | Flags |
|---|---|---|---|---|---|---|
| r-devel-linux-x86_64-debian-clang | 0.3 | 13.14 | 109.82 | 122.96 | NOTE | |
| r-devel-linux-x86_64-debian-gcc | 0.3 | 9.18 | 80.95 | 90.13 | NOTE | |
| r-devel-linux-x86_64-fedora-clang | 0.3 | 29.00 | 160.50 | 189.50 | NOTE | |
| r-devel-linux-x86_64-fedora-gcc | 0.3 | 28.00 | 158.78 | 186.78 | NOTE | |
| r-devel-windows-x86_64 | 0.3 | 17.00 | 113.00 | 130.00 | NOTE | |
| r-patched-linux-x86_64 | 0.3 | 13.48 | 103.01 | 116.49 | NOTE | |
| r-release-linux-x86_64 | 0.3 | 14.13 | 102.24 | 116.37 | NOTE | |
| r-release-macos-arm64 | 0.3 | 6.00 | 61.00 | 67.00 | NOTE | |
| r-release-macos-x86_64 | 0.3 | 12.00 | 96.00 | 108.00 | NOTE | |
| r-release-windows-x86_64 | 0.3 | 15.00 | 112.00 | 127.00 | NOTE | |
| r-oldrel-macos-arm64 | 0.3 | 6.00 | 49.00 | 55.00 | NOTE | |
| r-oldrel-macos-x86_64 | 0.3 | 10.00 | 77.00 | 87.00 | NOTE | |
| r-oldrel-windows-x86_64 | 0.3 | 19.00 | 139.00 | 158.00 | NOTE |
Version: 0.3
Check: Rd files
Result: NOTE
checkRd: (-1) tapnet-package.Rd:40: Escaped LaTeX specials: \&
Flavors: r-devel-linux-x86_64-debian-clang, r-devel-linux-x86_64-debian-gcc, r-devel-linux-x86_64-fedora-clang, r-devel-linux-x86_64-fedora-gcc, r-devel-windows-x86_64, r-patched-linux-x86_64, r-release-linux-x86_64, r-release-macos-arm64, r-release-macos-x86_64, r-release-windows-x86_64, r-oldrel-macos-arm64, r-oldrel-macos-x86_64, r-oldrel-windows-x86_64