Last updated on 2025-10-22 21:50:21 CEST.
Flavor | Version | Tinstall | Tcheck | Ttotal | Status | Flags |
---|---|---|---|---|---|---|
r-devel-linux-x86_64-debian-clang | 0.5 | 165.28 | 162.71 | 327.99 | NOTE | |
r-devel-linux-x86_64-debian-gcc | 0.5 | 108.73 | 109.01 | 217.74 | NOTE | |
r-devel-linux-x86_64-fedora-clang | 0.5 | 720.00 | -80.98 | 639.02 | NOTE | |
r-devel-linux-x86_64-fedora-gcc | 0.5 | 840.00 | -269.58 | 570.42 | NOTE | |
r-devel-windows-x86_64 | 0.5 | 195.00 | 183.00 | 378.00 | NOTE | |
r-patched-linux-x86_64 | 0.5 | 177.90 | 148.99 | 326.89 | NOTE | |
r-release-linux-x86_64 | 0.5 | 172.13 | 149.84 | 321.97 | NOTE | |
r-release-macos-arm64 | 0.5 | 61.00 | 84.00 | 145.00 | NOTE | |
r-release-macos-x86_64 | 0.5 | 67.00 | 163.00 | 230.00 | NOTE | |
r-release-windows-x86_64 | 0.5 | 218.00 | 186.00 | 404.00 | NOTE | |
r-oldrel-macos-arm64 | 0.5 | 64.00 | 69.00 | 133.00 | NOTE | |
r-oldrel-macos-x86_64 | 0.5 | 51.00 | 109.00 | 160.00 | NOTE | |
r-oldrel-windows-x86_64 | 0.5 | 230.00 | 232.00 | 462.00 | OK |
Version: 0.5
Check: DESCRIPTION meta-information
Result: NOTE
Missing dependency on R >= 4.1.0 because package code uses the pipe
|> or function shorthand \(...) syntax added in R 4.1.0.
File(s) using such syntax:
‘alean.Rd’ ‘nondom.Rd’
Flavors: r-devel-linux-x86_64-debian-clang, r-devel-linux-x86_64-debian-gcc, r-devel-linux-x86_64-fedora-clang, r-devel-linux-x86_64-fedora-gcc, r-devel-windows-x86_64, r-patched-linux-x86_64, r-release-linux-x86_64, r-release-macos-arm64, r-release-macos-x86_64, r-release-windows-x86_64
Version: 0.5
Check: HTML version of manual
Result: NOTE
Found the following HTML validation problems:
ml_model.html:165:1 (ml_model.Rd:125): Warning: <h5> anchor "Usage" already defined
ml_model.html:171:1 (ml_model.Rd:129): Warning: <h5> anchor "Arguments" already defined
ml_model.html:199:1 (ml_model.Rd:147): Warning: <h5> anchor "Usage" already defined
ml_model.html:205:1 (ml_model.Rd:151): Warning: <h5> anchor "Arguments" already defined
ml_model.html:232:1 (ml_model.Rd:168): Warning: <h5> anchor "Usage" already defined
ml_model.html:238:1 (ml_model.Rd:172): Warning: <h5> anchor "Arguments" already defined
ml_model.html:263:1 (ml_model.Rd:187): Warning: <h5> anchor "Usage" already defined
ml_model.html:269:1 (ml_model.Rd:191): Warning: <h5> anchor "Arguments" already defined
ml_model.html:292:1 (ml_model.Rd:204): Warning: <h5> anchor "Usage" already defined
ml_model.html:298:1 (ml_model.Rd:208): Warning: <h5> anchor "Arguments" already defined
ml_model.html:323:1 (ml_model.Rd:223): Warning: <h5> anchor "Usage" already defined
ml_model.html:329:1 (ml_model.Rd:227): Warning: <h5> anchor "Arguments" already defined
ml_model.html:354:1 (ml_model.Rd:242): Warning: <h5> anchor "Usage" already defined
ml_model.html:360:1 (ml_model.Rd:246): Warning: <h5> anchor "Arguments" already defined
ml_model.html:385:1 (ml_model.Rd:261): Warning: <h5> anchor "Usage" already defined
ml_model.html:391:1 (ml_model.Rd:265): Warning: <h5> anchor "Arguments" already defined
Flavor: r-devel-linux-x86_64-debian-clang
Version: 0.5
Check: installed package size
Result: NOTE
installed size is 15.0Mb
sub-directories of 1Mb or more:
doc 1.1Mb
libs 13.3Mb
Flavors: r-oldrel-macos-arm64, r-oldrel-macos-x86_64