Last updated on 2025-11-20 18:50:11 CET.
| Flavor | Version | Tinstall | Tcheck | Ttotal | Status | Flags |
|---|---|---|---|---|---|---|
| r-devel-linux-x86_64-debian-clang | 0.10.0 | 15.99 | 123.47 | 139.46 | OK | |
| r-devel-linux-x86_64-debian-gcc | 0.10.0 | 11.21 | 86.78 | 97.99 | OK | |
| r-devel-linux-x86_64-fedora-clang | 0.10.0 | 44.00 | 168.81 | 212.81 | OK | |
| r-devel-linux-x86_64-fedora-gcc | 0.10.0 | 32.00 | 152.39 | 184.39 | OK | |
| r-devel-windows-x86_64 | 0.10.0 | 21.00 | 143.00 | 164.00 | OK | |
| r-patched-linux-x86_64 | 0.10.0 | 19.81 | 107.55 | 127.36 | OK | |
| r-release-linux-x86_64 | 0.10.0 | 15.88 | 106.99 | 122.87 | OK | |
| r-release-macos-arm64 | 0.10.0 | OK | ||||
| r-release-macos-x86_64 | 0.10.0 | 15.00 | 89.00 | 104.00 | OK | |
| r-release-windows-x86_64 | 0.10.0 | 18.00 | 141.00 | 159.00 | OK | |
| r-oldrel-macos-arm64 | 0.10.0 | NOTE | ||||
| r-oldrel-macos-x86_64 | 0.10.0 | 16.00 | 97.00 | 113.00 | OK | |
| r-oldrel-windows-x86_64 | 0.10.0 | 27.00 | 168.00 | 195.00 | OK |
Version: 0.10.0
Check: R code for possible problems
Result: NOTE
Found the following possibly unsafe calls:
Fatal error: cannot create 'R_TempDir'
Fatal error: cannot create 'R_TempDir'
Flavor: r-oldrel-macos-arm64