Last updated on 2025-11-11 18:50:09 CET.
| Flavor | Version | Tinstall | Tcheck | Ttotal | Status | Flags |
|---|---|---|---|---|---|---|
| r-devel-linux-x86_64-debian-clang | 0.1.1 | 20.54 | 23.77 | 44.31 | NOTE | |
| r-devel-linux-x86_64-debian-gcc | 0.1.1 | 13.40 | 19.68 | 33.08 | NOTE | |
| r-devel-linux-x86_64-fedora-clang | 0.1.1 | 35.00 | 45.29 | 80.29 | OK | |
| r-devel-linux-x86_64-fedora-gcc | 0.1.1 | 34.00 | 35.73 | 69.73 | OK | |
| r-devel-windows-x86_64 | 0.1.1 | 25.00 | 58.00 | 83.00 | OK | |
| r-patched-linux-x86_64 | 0.1.1 | 21.51 | 22.76 | 44.27 | OK | |
| r-release-linux-x86_64 | 0.1.1 | 21.18 | 22.63 | 43.81 | OK | |
| r-release-macos-arm64 | 0.1.1 | 9.00 | 18.00 | 27.00 | OK | |
| r-release-macos-x86_64 | 0.1.1 | 14.00 | 31.00 | 45.00 | OK | |
| r-release-windows-x86_64 | 0.1.1 | 27.00 | 58.00 | 85.00 | OK | |
| r-oldrel-macos-arm64 | 0.1.1 | 9.00 | 15.00 | 24.00 | OK | |
| r-oldrel-macos-x86_64 | 0.1.1 | 11.00 | 23.00 | 34.00 | OK | |
| r-oldrel-windows-x86_64 | 0.1.1 | 30.00 | 71.00 | 101.00 | OK |
Version: 0.1.1
Check: CRAN incoming feasibility
Result: NOTE
Maintainer: ‘Juan Domingo Gonzalez <juanrst@hotmail.com>’
The Description field contains
objects of arbitrary geometries. arXiv preprint <arXiv:2312.16721>).
Please refer to arXiv e-prints via their arXiv DOI <doi:10.48550/arXiv.YYMM.NNNNN>.
Flavors: r-devel-linux-x86_64-debian-clang, r-devel-linux-x86_64-debian-gcc