Last updated on 2025-02-22 07:51:49 CET.
Flavor | Version | Tinstall | Tcheck | Ttotal | Status | Flags |
---|---|---|---|---|---|---|
r-devel-linux-x86_64-debian-clang | 2.4-23 | 31.21 | 48.83 | 80.04 | OK | --no-vignettes |
r-devel-linux-x86_64-debian-gcc | 2.4-23 | 21.50 | 34.38 | 55.88 | OK | --no-vignettes |
r-devel-linux-x86_64-fedora-clang | 2.4-23 | 170.67 | OK | --no-vignettes | ||
r-devel-linux-x86_64-fedora-gcc | 2.4-23 | 127.66 | OK | --no-vignettes | ||
r-devel-macos-arm64 | 2.4-23 | 40.00 | OK | --no-vignettes | ||
r-devel-macos-x86_64 | 2.4-23 | 59.00 | OK | --no-vignettes | ||
r-devel-windows-x86_64 | 2.4-23 | 49.00 | 86.00 | 135.00 | OK | --no-vignettes |
r-patched-linux-x86_64 | 2.4-23 | 31.34 | 45.89 | 77.23 | OK | --no-vignettes |
r-release-linux-x86_64 | 2.4-23 | 28.83 | 45.09 | 73.92 | OK | --no-vignettes |
r-release-macos-arm64 | 2.4-23 | 38.00 | NOTE | --no-vignettes | ||
r-release-macos-x86_64 | 2.4-23 | 74.00 | NOTE | --no-vignettes | ||
r-release-windows-x86_64 | 2.4-23 | 47.00 | 84.00 | 131.00 | OK | --no-vignettes |
r-oldrel-macos-arm64 | 2.4-23 | 41.00 | NOTE | --no-vignettes | ||
r-oldrel-macos-x86_64 | 2.4-23 | 64.00 | NOTE | --no-vignettes | ||
r-oldrel-windows-x86_64 | 2.4-23 | 53.00 | 82.00 | 135.00 | OK | --no-vignettes |
Version: 2.4-23
Flags: --no-vignettes
Check: installed package size
Result: NOTE
installed size is 5.3Mb
sub-directories of 1Mb or more:
doc 2.6Mb
libs 2.1Mb
Flavors: r-release-macos-arm64, r-release-macos-x86_64, r-oldrel-macos-arm64, r-oldrel-macos-x86_64