Last updated on 2025-10-21 18:50:08 CEST.
Flavor | Version | Tinstall | Tcheck | Ttotal | Status | Flags |
---|---|---|---|---|---|---|
r-devel-linux-x86_64-debian-clang | 3.3.0 | 8.22 | 157.68 | 165.90 | NOTE | |
r-devel-linux-x86_64-debian-gcc | 3.3.0 | 5.27 | 106.88 | 112.15 | NOTE | |
r-devel-linux-x86_64-fedora-clang | 3.3.0 | 21.00 | 238.66 | 259.66 | OK | |
r-devel-linux-x86_64-fedora-gcc | 3.3.0 | 15.00 | 241.47 | 256.47 | OK | |
r-devel-windows-x86_64 | 3.3.0 | 1.00 | 5.00 | 6.00 | ERROR | |
r-patched-linux-x86_64 | 3.3.0 | 7.75 | 146.82 | 154.57 | OK | |
r-release-linux-x86_64 | 3.3.0 | 6.56 | 147.75 | 154.31 | OK | |
r-release-macos-arm64 | 3.3.0 | 5.00 | 42.00 | 47.00 | OK | |
r-release-macos-x86_64 | 3.3.0 | 8.00 | 146.00 | 154.00 | OK | |
r-release-windows-x86_64 | 3.3.0 | 13.00 | 152.00 | 165.00 | OK | |
r-oldrel-macos-arm64 | 3.3.0 | 4.00 | 46.00 | 50.00 | OK | |
r-oldrel-macos-x86_64 | 3.3.0 | 9.00 | 164.00 | 173.00 | OK | |
r-oldrel-windows-x86_64 | 3.3.0 | 17.00 | 184.00 | 201.00 | OK |
Version: 3.3.0
Check: HTML version of manual
Result: NOTE
Found the following HTML validation problems:
is.tibble.html:48:1 (is.tibble.Rd:10): Warning: missing </ul> before </div>
Flavors: r-devel-linux-x86_64-debian-clang, r-devel-linux-x86_64-debian-gcc
Version: 3.3.0
Check: whether package can be installed
Result: ERROR
Installation failed.
Flavor: r-devel-windows-x86_64