CRAN Package Check Results for Package tidygapminder

Last updated on 2025-02-22 07:51:49 CET.

Flavor Version Tinstall Tcheck Ttotal Status Flags
r-devel-linux-x86_64-debian-clang 0.1.1 1.52 26.21 27.73 OK
r-devel-linux-x86_64-debian-gcc 0.1.1 1.37 20.70 22.07 OK
r-devel-linux-x86_64-fedora-clang 0.1.1 48.57 NOTE
r-devel-linux-x86_64-fedora-gcc 0.1.1 58.24 NOTE
r-devel-macos-arm64 0.1.1 28.00 OK
r-devel-macos-x86_64 0.1.1 46.00 OK
r-devel-windows-x86_64 0.1.1 3.00 49.00 52.00 OK
r-patched-linux-x86_64 0.1.1 1.60 24.85 26.45 NOTE
r-release-linux-x86_64 0.1.1 1.73 24.98 26.71 NOTE
r-release-macos-arm64 0.1.1 26.00 NOTE
r-release-macos-x86_64 0.1.1 36.00 NOTE
r-release-windows-x86_64 0.1.1 4.00 48.00 52.00 NOTE
r-oldrel-macos-arm64 0.1.1 26.00 NOTE
r-oldrel-macos-x86_64 0.1.1 37.00 NOTE
r-oldrel-windows-x86_64 0.1.1 4.00 52.00 56.00 NOTE

Check Details

Version: 0.1.1
Check: dependencies in R code
Result: NOTE Namespace in Imports field not imported from: ‘dplyr’ All declared Imports should be used. Flavors: r-devel-linux-x86_64-fedora-clang, r-devel-linux-x86_64-fedora-gcc

Version: 0.1.1
Check: LazyData
Result: NOTE 'LazyData' is specified without a 'data' directory Flavors: r-patched-linux-x86_64, r-release-linux-x86_64, r-release-macos-arm64, r-release-macos-x86_64, r-release-windows-x86_64, r-oldrel-macos-arm64, r-oldrel-macos-x86_64, r-oldrel-windows-x86_64