Last updated on 2025-02-22 07:51:49 CET.
Flavor | Version | Tinstall | Tcheck | Ttotal | Status | Flags |
---|---|---|---|---|---|---|
r-devel-linux-x86_64-debian-clang | 1.0.2 | 19.82 | 480.11 | 499.93 | NOTE | |
r-devel-linux-x86_64-debian-gcc | 1.0.2 | 11.54 | 295.96 | 307.50 | NOTE | |
r-devel-linux-x86_64-fedora-clang | 1.0.2 | 852.54 | OK | |||
r-devel-linux-x86_64-fedora-gcc | 1.0.2 | 802.22 | OK | |||
r-devel-macos-arm64 | 1.0.2 | 194.00 | OK | |||
r-devel-macos-x86_64 | 1.0.2 | 543.00 | OK | |||
r-devel-windows-x86_64 | 1.0.2 | 20.00 | 410.00 | 430.00 | NOTE | |
r-patched-linux-x86_64 | 1.0.2 | 23.88 | 461.35 | 485.23 | OK | |
r-release-linux-x86_64 | 1.0.2 | 17.50 | 459.71 | 477.21 | OK | |
r-release-macos-arm64 | 1.0.2 | 193.00 | OK | |||
r-release-macos-x86_64 | 1.0.2 | 320.00 | OK | |||
r-release-windows-x86_64 | 1.0.2 | 20.00 | 413.00 | 433.00 | OK | |
r-oldrel-macos-arm64 | 1.0.2 | 205.00 | OK | |||
r-oldrel-macos-x86_64 | 1.0.2 | 535.00 | NOTE | |||
r-oldrel-windows-x86_64 | 1.0.2 | 27.00 | 572.00 | 599.00 | OK |
Version: 1.0.2
Check: Rd cross-references
Result: NOTE
Found the following Rd file(s) with Rd \link{} targets missing package
anchors:
predict.SL.glmnet.interaction.Rd: SL.glmnet
Please provide package anchors for all Rd \link{} targets not in the
package itself and the base packages.
Flavors: r-devel-linux-x86_64-debian-clang, r-devel-linux-x86_64-debian-gcc, r-devel-windows-x86_64
Version: 1.0.2
Check: package dependencies
Result: NOTE
Package suggested but not available for checking: ‘ggplot2’
Flavor: r-oldrel-macos-x86_64