Last updated on 2025-07-25 19:49:57 CEST.
Flavor | Version | Tinstall | Tcheck | Ttotal | Status | Flags |
---|---|---|---|---|---|---|
r-devel-linux-x86_64-debian-clang | 0.7.3 | 2.96 | 43.74 | 46.70 | OK | |
r-devel-linux-x86_64-debian-gcc | 0.7.3 | 2.64 | 33.78 | 36.42 | OK | |
r-devel-linux-x86_64-fedora-clang | 0.7.3 | 76.03 | OK | |||
r-devel-linux-x86_64-fedora-gcc | 0.7.3 | 85.93 | OK | |||
r-devel-windows-x86_64 | 0.7.3 | 5.00 | 103.00 | 108.00 | ERROR | |
r-patched-linux-x86_64 | 0.7.3 | 3.89 | 42.00 | 45.89 | OK | |
r-release-linux-x86_64 | 0.7.3 | 2.86 | 41.90 | 44.76 | OK | |
r-release-macos-arm64 | 0.7.3 | 150.00 | OK | |||
r-release-macos-x86_64 | 0.7.3 | 173.00 | OK | |||
r-release-windows-x86_64 | 0.7.3 | 5.00 | 95.00 | 100.00 | OK | |
r-oldrel-macos-arm64 | 0.7.3 | 169.00 | OK | |||
r-oldrel-macos-x86_64 | 0.7.3 | 163.00 | OK | |||
r-oldrel-windows-x86_64 | 0.7.3 | 6.00 | 101.00 | 107.00 | OK |
Version: 0.7.3
Check: re-building of vignette outputs
Result: ERROR
Error(s) in re-building vignettes:
--- re-building 'tpr_intro.Rmd' using rmarkdown
Quitting from tpr_intro.Rmd:206-208 [unnamed-chunk-4]
~~~~~~~~~~~~~~~~~~~~~~~~~~~~~~~~~~~~~~~~~~~~~~~~~~~~~~~~~~~~~~~~~~~~~~~~~~~~~~~~
<error/rlang_error>
Error in `curl::curl_fetch_memory()`:
! Timeout was reached [isdayoff.ru]:
Connection timed out after 10014 milliseconds
---
Backtrace:
▆
1. ├─timeperiodsR::last_n_weeks(n = 2)
2. │ └─timeperiodsR::custom_period(start, stop)
3. │ └─timeperiodsR::check_dayoffs(date = as.character(sequence))
4. │ └─base::sapply(...)
5. │ └─base::lapply(X = X, FUN = FUN, ...)
6. │ └─timeperiodsR (local) FUN(X[[i]], ...)
7. │ └─httr::GET(...)
8. │ └─httr:::request_perform(req, hu$handle$handle)
9. │ ├─httr:::request_fetch(req$output, req$url, handle)
10. │ └─httr:::request_fetch.write_memory(req$output, req$url, handle)
11. │ └─curl::curl_fetch_memory(url, handle = handle)
12. └─curl:::raise_libcurl_error(...)
~~~~~~~~~~~~~~~~~~~~~~~~~~~~~~~~~~~~~~~~~~~~~~~~~~~~~~~~~~~~~~~~~~~~~~~~~~~~~~~~
Error: processing vignette 'tpr_intro.Rmd' failed with diagnostics:
Timeout was reached [isdayoff.ru]:
Connection timed out after 10014 milliseconds
--- failed re-building 'tpr_intro.Rmd'
SUMMARY: processing the following file failed:
'tpr_intro.Rmd'
Error: Vignette re-building failed.
Execution halted
Flavor: r-devel-windows-x86_64