CRAN Package Check Results for Package tm.plugin.lexisnexis

Last updated on 2025-02-22 07:51:50 CET.

Flavor Version Tinstall Tcheck Ttotal Status Flags
r-devel-linux-x86_64-debian-clang 1.4.1 2.74 28.99 31.73 NOTE
r-devel-linux-x86_64-debian-gcc 1.4.1 2.15 22.05 24.20 NOTE
r-devel-linux-x86_64-fedora-clang 1.4.1 50.46 OK
r-devel-linux-x86_64-fedora-gcc 1.4.1 51.68 OK
r-devel-macos-arm64 1.4.1 20.00 OK
r-devel-macos-x86_64 1.4.1 34.00 OK
r-devel-windows-x86_64 1.4.1 4.00 56.00 60.00 NOTE
r-patched-linux-x86_64 1.4.1 4.11 27.58 31.69 OK
r-release-linux-x86_64 1.4.1 3.11 28.02 31.13 OK
r-release-macos-arm64 1.4.1 21.00 OK
r-release-macos-x86_64 1.4.1 35.00 OK
r-release-windows-x86_64 1.4.1 4.00 49.00 53.00 OK
r-oldrel-macos-arm64 1.4.1 18.00 OK
r-oldrel-macos-x86_64 1.4.1 28.00 OK
r-oldrel-windows-x86_64 1.4.1 5.00 50.00 55.00 OK

Check Details

Version: 1.4.1
Check: Rd cross-references
Result: NOTE Found the following Rd file(s) with Rd \link{} targets missing package anchors: LexisNexisSource.Rd: getSources readLexisNexis.Rd: getReaders Please provide package anchors for all Rd \link{} targets not in the package itself and the base packages. Flavors: r-devel-linux-x86_64-debian-clang, r-devel-linux-x86_64-debian-gcc, r-devel-windows-x86_64