Last updated on 2025-02-22 07:51:50 CET.
Flavor | Version | Tinstall | Tcheck | Ttotal | Status | Flags |
---|---|---|---|---|---|---|
r-devel-linux-x86_64-debian-clang | 2.0.1.1 | 10.39 | 73.03 | 83.42 | NOTE | |
r-devel-linux-x86_64-debian-gcc | 2.0.1.1 | 6.59 | 51.67 | 58.26 | NOTE | |
r-devel-linux-x86_64-fedora-clang | 2.0.1.1 | 141.94 | OK | |||
r-devel-linux-x86_64-fedora-gcc | 2.0.1.1 | 123.68 | OK | |||
r-devel-macos-arm64 | 2.0.1.1 | 38.00 | OK | |||
r-devel-macos-x86_64 | 2.0.1.1 | 83.00 | OK | |||
r-devel-windows-x86_64 | 2.0.1.1 | 10.00 | 89.00 | 99.00 | NOTE | |
r-patched-linux-x86_64 | 2.0.1.1 | 13.55 | 68.63 | 82.18 | OK | |
r-release-linux-x86_64 | 2.0.1.1 | 9.37 | 68.08 | 77.45 | OK | |
r-release-macos-arm64 | 2.0.1.1 | 39.00 | OK | |||
r-release-macos-x86_64 | 2.0.1.1 | 61.00 | OK | |||
r-release-windows-x86_64 | 2.0.1.1 | 12.00 | 79.00 | 91.00 | OK | |
r-oldrel-macos-arm64 | 2.0.1.1 | 42.00 | OK | |||
r-oldrel-macos-x86_64 | 2.0.1.1 | 81.00 | OK | |||
r-oldrel-windows-x86_64 | 2.0.1.1 | 14.00 | 101.00 | 115.00 | OK |
Version: 2.0.1.1
Check: Rd cross-references
Result: NOTE
Found the following Rd file(s) with Rd \link{} targets missing package
anchors:
tmle.Sl.dbarts2.Rd: SuperLearner
Please provide package anchors for all Rd \link{} targets not in the
package itself and the base packages.
Flavors: r-devel-linux-x86_64-debian-clang, r-devel-linux-x86_64-debian-gcc, r-devel-windows-x86_64