Last updated on 2025-02-22 07:51:50 CET.
Flavor | Version | Tinstall | Tcheck | Ttotal | Status | Flags |
---|---|---|---|---|---|---|
r-devel-linux-x86_64-debian-clang | 0.1.0 | 3.70 | 32.58 | 36.28 | NOTE | |
r-devel-linux-x86_64-debian-gcc | 0.1.0 | 2.51 | 23.87 | 26.38 | NOTE | |
r-devel-linux-x86_64-fedora-clang | 0.1.0 | 61.89 | NOTE | |||
r-devel-linux-x86_64-fedora-gcc | 0.1.0 | 52.60 | NOTE | |||
r-devel-macos-arm64 | 0.1.0 | 20.00 | NOTE | |||
r-devel-macos-x86_64 | 0.1.0 | 30.00 | NOTE | |||
r-devel-windows-x86_64 | 0.1.0 | 5.00 | 51.00 | 56.00 | NOTE | |
r-patched-linux-x86_64 | 0.1.0 | 3.64 | 29.43 | 33.07 | NOTE | |
r-release-linux-x86_64 | 0.1.0 | 3.67 | 29.91 | 33.58 | NOTE | |
r-release-macos-arm64 | 0.1.0 | 21.00 | NOTE | |||
r-release-macos-x86_64 | 0.1.0 | 29.00 | NOTE | |||
r-release-windows-x86_64 | 0.1.0 | 4.00 | 49.00 | 53.00 | NOTE | |
r-oldrel-macos-arm64 | 0.1.0 | 22.00 | OK | |||
r-oldrel-macos-x86_64 | 0.1.0 | 27.00 | OK | |||
r-oldrel-windows-x86_64 | 0.1.0 | 6.00 | 57.00 | 63.00 | OK |
Version: 0.1.0
Check: Rd files
Result: NOTE
checkRd: (-1) getSegsExtra.Rd:14: Lost braces
14 | \item{data}{data.table returned from function /code{tdtr}}
| ^
Flavors: r-devel-linux-x86_64-debian-clang, r-devel-linux-x86_64-debian-gcc, r-devel-linux-x86_64-fedora-clang, r-devel-linux-x86_64-fedora-gcc, r-devel-macos-arm64, r-devel-macos-x86_64, r-devel-windows-x86_64, r-patched-linux-x86_64, r-release-linux-x86_64, r-release-macos-arm64, r-release-macos-x86_64, r-release-windows-x86_64