Last updated on 2025-11-12 07:51:07 CET.
| Flavor | Version | Tinstall | Tcheck | Ttotal | Status | Flags |
|---|---|---|---|---|---|---|
| r-devel-linux-x86_64-debian-clang | 2.0.2 | 12.79 | 78.25 | 91.04 | NOTE | |
| r-devel-linux-x86_64-debian-gcc | 2.0.2 | 8.87 | 53.79 | 62.66 | NOTE | |
| r-devel-linux-x86_64-fedora-clang | 2.0.2 | 29.00 | 110.15 | 139.15 | NOTE | |
| r-devel-linux-x86_64-fedora-gcc | 2.0.2 | 29.00 | 103.10 | 132.10 | NOTE | |
| r-devel-windows-x86_64 | 2.0.2 | 14.00 | 87.00 | 101.00 | NOTE | |
| r-patched-linux-x86_64 | 2.0.2 | 10.50 | 72.55 | 83.05 | NOTE | |
| r-release-linux-x86_64 | 2.0.2 | 12.70 | 72.50 | 85.20 | NOTE | |
| r-release-macos-arm64 | 2.0.2 | 6.00 | 30.00 | 36.00 | NOTE | |
| r-release-macos-x86_64 | 2.0.2 | 11.00 | 55.00 | 66.00 | NOTE | |
| r-release-windows-x86_64 | 2.0.2 | 17.00 | 89.00 | 106.00 | NOTE | |
| r-oldrel-macos-arm64 | 2.0.2 | 6.00 | 32.00 | 38.00 | OK | |
| r-oldrel-macos-x86_64 | 2.0.2 | 13.00 | 70.00 | 83.00 | OK | |
| r-oldrel-windows-x86_64 | 2.0.2 | 21.00 | 109.00 | 130.00 | OK |
Version: 2.0.2
Check: DESCRIPTION meta-information
Result: NOTE
Missing dependency on R >= 4.1.0 because package code uses the pipe
|> or function shorthand \(...) syntax added in R 4.1.0.
File(s) using such syntax:
‘dat_checks.R’ ‘setters_and_getters.R’
Flavors: r-devel-linux-x86_64-debian-clang, r-devel-linux-x86_64-debian-gcc, r-devel-linux-x86_64-fedora-clang, r-devel-linux-x86_64-fedora-gcc, r-devel-windows-x86_64, r-patched-linux-x86_64, r-release-linux-x86_64, r-release-macos-arm64, r-release-macos-x86_64, r-release-windows-x86_64