Last updated on 2025-02-21 19:50:43 CET.
Flavor | Version | Tinstall | Tcheck | Ttotal | Status | Flags |
---|---|---|---|---|---|---|
r-devel-linux-x86_64-debian-clang | 1.2 | 14.41 | 106.53 | 120.94 | OK | |
r-devel-linux-x86_64-debian-gcc | 1.2 | 10.53 | 78.87 | 89.40 | OK | |
r-devel-linux-x86_64-fedora-clang | 1.2 | 187.64 | NOTE | |||
r-devel-linux-x86_64-fedora-gcc | 1.2 | 184.34 | NOTE | |||
r-devel-macos-arm64 | 1.2 | 50.00 | OK | |||
r-devel-macos-x86_64 | 1.2 | 94.00 | OK | |||
r-devel-windows-x86_64 | 1.2 | 16.00 | 111.00 | 127.00 | OK | |
r-patched-linux-x86_64 | 1.2 | 14.08 | 98.35 | 112.43 | OK | |
r-release-linux-x86_64 | 1.2 | 12.80 | 100.65 | 113.45 | OK | |
r-release-macos-arm64 | 1.2 | 48.00 | OK | |||
r-release-macos-x86_64 | 1.2 | 76.00 | OK | |||
r-release-windows-x86_64 | 1.2 | 16.00 | 104.00 | 120.00 | OK | |
r-oldrel-macos-arm64 | 1.2 | 57.00 | OK | |||
r-oldrel-macos-x86_64 | 1.2 | 91.00 | OK | |||
r-oldrel-windows-x86_64 | 1.2 | 21.00 | 149.00 | 170.00 | OK |
Version: 1.2
Check: dependencies in R code
Result: NOTE
Namespaces in Imports field not imported from:
‘V8’ ‘colorspace’
All declared Imports should be used.
Flavors: r-devel-linux-x86_64-fedora-clang, r-devel-linux-x86_64-fedora-gcc