CRAN Package Check Results for Package truncSP

Last updated on 2025-04-17 06:50:48 CEST.

Flavor Version Tinstall Tcheck Ttotal Status Flags
r-devel-linux-x86_64-debian-clang 1.2.2 3.51 37.90 41.41 NOTE
r-devel-linux-x86_64-debian-gcc 1.2.2 2.56 28.02 30.58 NOTE
r-devel-linux-x86_64-fedora-clang 1.2.2 66.05 NOTE
r-devel-linux-x86_64-fedora-gcc 1.2.2 64.92 NOTE
r-devel-windows-x86_64 1.2.2 6.00 61.00 67.00 NOTE
r-patched-linux-x86_64 1.2.2 4.82 36.64 41.46 NOTE
r-release-linux-x86_64 1.2.2 3.96 36.57 40.53 NOTE
r-release-macos-arm64 1.2.2 28.00 NOTE
r-release-macos-x86_64 1.2.2 42.00 NOTE
r-release-windows-x86_64 1.2.2 8.00 64.00 72.00 NOTE
r-oldrel-macos-arm64 1.2.2 24.00 NOTE
r-oldrel-macos-x86_64 1.2.2 36.00 NOTE
r-oldrel-windows-x86_64 1.2.2 7.00 70.00 77.00 NOTE

Check Details

Version: 1.2.2
Check: DESCRIPTION meta-information
Result: NOTE Malformed Description field: should contain one or more complete sentences. Flavors: r-devel-linux-x86_64-debian-clang, r-devel-linux-x86_64-debian-gcc, r-devel-linux-x86_64-fedora-clang, r-devel-linux-x86_64-fedora-gcc, r-devel-windows-x86_64, r-patched-linux-x86_64, r-release-linux-x86_64, r-release-macos-arm64, r-release-macos-x86_64, r-release-windows-x86_64, r-oldrel-macos-arm64, r-oldrel-macos-x86_64, r-oldrel-windows-x86_64